{"id":27683,"date":"2025-02-26T12:50:47","date_gmt":"2025-02-26T11:50:47","guid":{"rendered":"https:\/\/uniformelaboral.com\/index.php\/producto\/fox-woman\/"},"modified":"2025-02-26T12:51:44","modified_gmt":"2025-02-26T11:51:44","slug":"fox-woman","status":"publish","type":"product","link":"https:\/\/uniformelaboral.com\/index.php\/producto\/fox-woman\/","title":{"rendered":"FOX WOMAN"},"content":{"rendered":"<p>Samarreta de m\u00e0niga curta de dona, en teixit vigor\u00e9. Coll rod\u00f3 en punt canal\u00e9 1&#215;1 amb cobreix costures de refor\u00e7 a l&#8217;interior.<br \/>Composition: 65% poli\u00e8ster \/ 35% cot\u00f3, punt llis, 150 g\/m\u00b2. <br \/>Remarks: *Etiqueta extra\u00efble.<br \/>\n*Duo concept. <br \/><img decoding=\"async\" src=\"https:\/\/static.gorfactory.es\/pics\/measures\/CA_MC_MU.jpg\"><\/p>\n","protected":false},"excerpt":{"rendered":"<p>Samarreta de m\u00e0niga curta de dona, en teixit vigor\u00e9. Coll rod\u00f3 en punt canal\u00e9 1&#215;1 amb cobreix costures de refor\u00e7 a l&#8217;interior.Composition: 65% poli\u00e8ster \/ 35% cot\u00f3, punt llis, 150 g\/m\u00b2. Remarks: *Etiqueta extra\u00efble. *Duo concept.<\/p>\n","protected":false},"featured_media":27684,"template":"","meta":{"_joinchat":[]},"product_brand":[],"product_cat":[1165,1079,1080,1076,1097],"product_tag":[],"class_list":{"0":"post-27683","1":"product","2":"type-product","3":"status-publish","4":"has-post-thumbnail","6":"product_cat-basic","7":"product_cat-t_shirts","8":"product_cat-cam","9":"product_cat-cam_po","10":"product_cat-workwear","11":"tm-no-options-pxq","13":"first","14":"instock","15":"taxable","16":"shipping-taxable","17":"purchasable","18":"product-type-variable"},"_links":{"self":[{"href":"https:\/\/uniformelaboral.com\/index.php\/wp-json\/wp\/v2\/product\/27683","targetHints":{"allow":["GET"]}}],"collection":[{"href":"https:\/\/uniformelaboral.com\/index.php\/wp-json\/wp\/v2\/product"}],"about":[{"href":"https:\/\/uniformelaboral.com\/index.php\/wp-json\/wp\/v2\/types\/product"}],"wp:featuredmedia":[{"embeddable":true,"href":"https:\/\/uniformelaboral.com\/index.php\/wp-json\/wp\/v2\/media\/27684"}],"wp:attachment":[{"href":"https:\/\/uniformelaboral.com\/index.php\/wp-json\/wp\/v2\/media?parent=27683"}],"wp:term":[{"taxonomy":"product_brand","embeddable":true,"href":"https:\/\/uniformelaboral.com\/index.php\/wp-json\/wp\/v2\/product_brand?post=27683"},{"taxonomy":"product_cat","embeddable":true,"href":"https:\/\/uniformelaboral.com\/index.php\/wp-json\/wp\/v2\/product_cat?post=27683"},{"taxonomy":"product_tag","embeddable":true,"href":"https:\/\/uniformelaboral.com\/index.php\/wp-json\/wp\/v2\/product_tag?post=27683"}],"curies":[{"name":"wp","href":"https:\/\/api.w.org\/{rel}","templated":true}]}}

<p>Samarreta de màniga curta de dona, en teixit vigoré. Coll rodó en punt canalé 1&#215;1 amb cobreix costures de reforç a l&#8217;interior.<br />Composition: 65% polièster / 35% cotó, punt llis, 150 g/m². <br />Remarks: *Etiqueta extraïble.<br />
*Duo concept. <br /><img decoding="async" src="https://static.gorfactory.es/pics/measures/CA_MC_MU.jpg"></p>

<p>Samarreta de màniga curta de dona, en teixit vigoré. Coll rodó en punt canalé 1&#215;1 amb cobreix costures de reforç a l&#8217;interior.Composition: 65% polièster / 35% cotó, punt llis, 150 g/m². Remarks: *Etiqueta extraïble. *Duo concept.</p>
