{"id":27397,"date":"2025-02-26T12:44:13","date_gmt":"2025-02-26T11:44:13","guid":{"rendered":"https:\/\/uniformelaboral.com\/index.php\/producto\/adelpho\/"},"modified":"2025-02-26T12:45:22","modified_gmt":"2025-02-26T11:45:22","slug":"adelpho","status":"publish","type":"product","link":"https:\/\/uniformelaboral.com\/index.php\/producto\/adelpho\/","title":{"rendered":"ADELPHO"},"content":{"rendered":"<p>Pantalons llargs de xandall, amb cintura ampla ajustable mitjan\u00e7ant cord\u00f3, baixos de puny ajustat, costures refor\u00e7ades, butxaques laterals amb viu i butxaca posterior d&#8217;extrem amb vista repuntejada. <br \/>Composition: 60% cot\u00f3 \/ 40% poli\u00e8ster, pelfa no perxada, 280 g\/m\u00b2.<br \/>\nColor gris vigor\u00e9 58: 85% poli\u00e8ster \/ 15% viscosa.<br \/>Remarks: *Etiqueta extra\u00efble.<br \/>\n*Duo Concept.<br \/>\n*Disponible en talles infantils.<br \/>\n*La comanda pot incloure models amb butxaques amb cremallera i altres sense cremallera, segons disponibilitat.<br \/><img decoding=\"async\" src=\"https:\/\/static.gorfactory.es\/pics\/measures\/PA1174.jpg\"><\/p>\n","protected":false},"excerpt":{"rendered":"<p>Pantalons llargs de xandall, amb cintura ampla ajustable mitjan\u00e7ant cord\u00f3, baixos de puny ajustat, costures refor\u00e7ades, butxaques laterals amb viu i butxaca posterior d&#8217;extrem amb vista repuntejada. Composition: 60% cot\u00f3 \/ 40% poli\u00e8ster, pelfa no perxada, 280 g\/m\u00b2. Color gris vigor\u00e9 58: 85% poli\u00e8ster \/ 15% viscosa.Remarks: *Etiqueta extra\u00efble. *Duo Concept. *Disponible en talles infantils. [&hellip;]<\/p>\n","protected":false},"featured_media":27398,"template":"","meta":{"_joinchat":[]},"product_brand":[],"product_cat":[1068,654],"product_tag":[],"class_list":{"0":"post-27397","1":"product","2":"type-product","3":"status-publish","4":"has-post-thumbnail","6":"product_cat-pd","7":"product_cat-sports-indumentaria-base","8":"tm-no-options-pxq","10":"first","11":"instock","12":"taxable","13":"shipping-taxable","14":"purchasable","15":"product-type-variable"},"_links":{"self":[{"href":"https:\/\/uniformelaboral.com\/index.php\/wp-json\/wp\/v2\/product\/27397","targetHints":{"allow":["GET"]}}],"collection":[{"href":"https:\/\/uniformelaboral.com\/index.php\/wp-json\/wp\/v2\/product"}],"about":[{"href":"https:\/\/uniformelaboral.com\/index.php\/wp-json\/wp\/v2\/types\/product"}],"wp:featuredmedia":[{"embeddable":true,"href":"https:\/\/uniformelaboral.com\/index.php\/wp-json\/wp\/v2\/media\/27398"}],"wp:attachment":[{"href":"https:\/\/uniformelaboral.com\/index.php\/wp-json\/wp\/v2\/media?parent=27397"}],"wp:term":[{"taxonomy":"product_brand","embeddable":true,"href":"https:\/\/uniformelaboral.com\/index.php\/wp-json\/wp\/v2\/product_brand?post=27397"},{"taxonomy":"product_cat","embeddable":true,"href":"https:\/\/uniformelaboral.com\/index.php\/wp-json\/wp\/v2\/product_cat?post=27397"},{"taxonomy":"product_tag","embeddable":true,"href":"https:\/\/uniformelaboral.com\/index.php\/wp-json\/wp\/v2\/product_tag?post=27397"}],"curies":[{"name":"wp","href":"https:\/\/api.w.org\/{rel}","templated":true}]}}

<p>Pantalons llargs de xandall, amb cintura ampla ajustable mitjançant cordó, baixos de puny ajustat, costures reforçades, butxaques laterals amb viu i butxaca posterior d&#8217;extrem amb vista repuntejada. <br />Composition: 60% cotó / 40% polièster, pelfa no perxada, 280 g/m².<br />
Color gris vigoré 58: 85% polièster / 15% viscosa.<br />Remarks: *Etiqueta extraïble.<br />
*Duo Concept.<br />
*Disponible en talles infantils.<br />
*La comanda pot incloure models amb butxaques amb cremallera i altres sense cremallera, segons disponibilitat.<br /><img decoding="async" src="https://static.gorfactory.es/pics/measures/PA1174.jpg"></p>

<p>Pantalons llargs de xandall, amb cintura ampla ajustable mitjançant cordó, baixos de puny ajustat, costures reforçades, butxaques laterals amb viu i butxaca posterior d&#8217;extrem amb vista repuntejada. Composition: 60% cotó / 40% polièster, pelfa no perxada, 280 g/m². Color gris vigoré 58: 85% polièster / 15% viscosa.Remarks: *Etiqueta extraïble. *Duo Concept. *Disponible en talles infantils. [&hellip;]</p>
