{"id":27229,"date":"2025-02-26T12:40:03","date_gmt":"2025-02-26T11:40:03","guid":{"rendered":"https:\/\/uniformelaboral.com\/index.php\/producto\/neapolis\/"},"modified":"2025-02-26T12:41:10","modified_gmt":"2025-02-26T11:41:10","slug":"neapolis","status":"publish","type":"product","link":"https:\/\/uniformelaboral.com\/index.php\/producto\/neapolis\/","title":{"rendered":"NEAPOLIS"},"content":{"rendered":"<p>Pantal\u00f3 llarg de tub.<br \/>\n1. Cintura el\u00e0stica ajustable mitjan\u00e7ant cordons exteriors.<br \/>\n2. Butxaques laterals.<br \/>\n3. Talls transversals a meitat de la cama.<br \/>\n4. Obertures laterals als baixos amb cremalleres.<br \/>Composition: 100% poli\u00e8ster, 200 g\/m\u00b2.<br \/>Remarks: Pantal\u00f3 per combinar amb la dessuadora EPIRO i ILIADA.<br \/>\n*Etiqueta extra\u00efble.<br \/>\n*Teixit t\u00e8cnic.<br \/>\n*Durada en cat\u00e0leg de 3 anys.<br \/>\n*La comanda pot incloure models amb butxaques amb cremallera i altres sense cremallera, segons disponibilitat.<br \/><img decoding=\"async\" src=\"https:\/\/static.gorfactory.es\/pics\/measures\/PA_HO.jpg\"><\/p>\n","protected":false},"excerpt":{"rendered":"<p>Pantal\u00f3 llarg de tub. 1. Cintura el\u00e0stica ajustable mitjan\u00e7ant cordons exteriors. 2. Butxaques laterals. 3. Talls transversals a meitat de la cama. 4. Obertures laterals als baixos amb cremalleres.Composition: 100% poli\u00e8ster, 200 g\/m\u00b2.Remarks: Pantal\u00f3 per combinar amb la dessuadora EPIRO i ILIADA. *Etiqueta extra\u00efble. *Teixit t\u00e8cnic. *Durada en cat\u00e0leg de 3 anys. *La comanda pot [&hellip;]<\/p>\n","protected":false},"featured_media":27230,"template":"","meta":{"_joinchat":[]},"product_brand":[],"product_cat":[1070,1068,654],"product_tag":[],"class_list":{"0":"post-27229","1":"product","2":"type-product","3":"status-publish","4":"has-post-thumbnail","6":"product_cat-chnd","7":"product_cat-pd","8":"product_cat-sports-indumentaria-base","9":"tm-no-options-pxq","11":"first","12":"instock","13":"taxable","14":"shipping-taxable","15":"purchasable","16":"product-type-variable"},"_links":{"self":[{"href":"https:\/\/uniformelaboral.com\/index.php\/wp-json\/wp\/v2\/product\/27229","targetHints":{"allow":["GET"]}}],"collection":[{"href":"https:\/\/uniformelaboral.com\/index.php\/wp-json\/wp\/v2\/product"}],"about":[{"href":"https:\/\/uniformelaboral.com\/index.php\/wp-json\/wp\/v2\/types\/product"}],"wp:featuredmedia":[{"embeddable":true,"href":"https:\/\/uniformelaboral.com\/index.php\/wp-json\/wp\/v2\/media\/27230"}],"wp:attachment":[{"href":"https:\/\/uniformelaboral.com\/index.php\/wp-json\/wp\/v2\/media?parent=27229"}],"wp:term":[{"taxonomy":"product_brand","embeddable":true,"href":"https:\/\/uniformelaboral.com\/index.php\/wp-json\/wp\/v2\/product_brand?post=27229"},{"taxonomy":"product_cat","embeddable":true,"href":"https:\/\/uniformelaboral.com\/index.php\/wp-json\/wp\/v2\/product_cat?post=27229"},{"taxonomy":"product_tag","embeddable":true,"href":"https:\/\/uniformelaboral.com\/index.php\/wp-json\/wp\/v2\/product_tag?post=27229"}],"curies":[{"name":"wp","href":"https:\/\/api.w.org\/{rel}","templated":true}]}}

<p>Pantaló llarg de tub.<br />
1. Cintura elàstica ajustable mitjançant cordons exteriors.<br />
2. Butxaques laterals.<br />
3. Talls transversals a meitat de la cama.<br />
4. Obertures laterals als baixos amb cremalleres.<br />Composition: 100% polièster, 200 g/m².<br />Remarks: Pantaló per combinar amb la dessuadora EPIRO i ILIADA.<br />
*Etiqueta extraïble.<br />
*Teixit tècnic.<br />
*Durada en catàleg de 3 anys.<br />
*La comanda pot incloure models amb butxaques amb cremallera i altres sense cremallera, segons disponibilitat.<br /><img decoding="async" src="https://static.gorfactory.es/pics/measures/PA_HO.jpg"></p>

<p>Pantaló llarg de tub. 1. Cintura elàstica ajustable mitjançant cordons exteriors. 2. Butxaques laterals. 3. Talls transversals a meitat de la cama. 4. Obertures laterals als baixos amb cremalleres.Composition: 100% polièster, 200 g/m².Remarks: Pantaló per combinar amb la dessuadora EPIRO i ILIADA. *Etiqueta extraïble. *Teixit tècnic. *Durada en catàleg de 3 anys. *La comanda pot [&hellip;]</p>
