{"id":25776,"date":"2025-02-26T12:02:11","date_gmt":"2025-02-26T11:02:11","guid":{"rendered":"https:\/\/uniformelaboral.com\/index.php\/producto\/annapurna\/"},"modified":"2025-02-26T12:02:56","modified_gmt":"2025-02-26T11:02:56","slug":"annapurna","status":"publish","type":"product","link":"https:\/\/uniformelaboral.com\/index.php\/producto\/annapurna\/","title":{"rendered":"ANNAPURNA"},"content":{"rendered":"<p>Dessuadora de cot\u00f3 de m\u00e0niga llarga d\u2019estil ragl\u00e0n. Amb coll, punys i cintura en canal\u00e9 1&#215;1. Coll rod\u00f3 amb adornament de costures remallades creuades i tapacostures de refor\u00e7 a l\u2019interior del coll. <br \/>Composition: 100% cot\u00f3, pelfa no perxada, 260 g\/m\u00b2.<br \/>\nColor gris vigor\u00e9 58: 85% cot\u00f3 \/ 15% viscosa.<br \/>Remarks: *Etiqueta extra\u00efble.<br \/>\n*Duo concept. <br \/><img decoding=\"async\" src=\"https:\/\/static.gorfactory.es\/pics\/measures\/SU_HO.jpg\"><\/p>\n","protected":false},"excerpt":{"rendered":"<p>Dessuadora de cot\u00f3 de m\u00e0niga llarga d\u2019estil ragl\u00e0n. Amb coll, punys i cintura en canal\u00e9 1&#215;1. Coll rod\u00f3 amb adornament de costures remallades creuades i tapacostures de refor\u00e7 a l\u2019interior del coll. Composition: 100% cot\u00f3, pelfa no perxada, 260 g\/m\u00b2. Color gris vigor\u00e9 58: 85% cot\u00f3 \/ 15% viscosa.Remarks: *Etiqueta extra\u00efble. *Duo concept.<\/p>\n","protected":false},"featured_media":25777,"template":"","meta":{"_joinchat":[]},"product_brand":[],"product_cat":[1085,1084,1087],"product_tag":[],"class_list":{"0":"post-25776","1":"product","2":"type-product","3":"status-publish","4":"has-post-thumbnail","6":"product_cat-swe","7":"product_cat-sud_cha","8":"product_cat-swe_sh","9":"tm-no-options-pxq","11":"first","12":"instock","13":"taxable","14":"shipping-taxable","15":"purchasable","16":"product-type-variable"},"_links":{"self":[{"href":"https:\/\/uniformelaboral.com\/index.php\/wp-json\/wp\/v2\/product\/25776","targetHints":{"allow":["GET"]}}],"collection":[{"href":"https:\/\/uniformelaboral.com\/index.php\/wp-json\/wp\/v2\/product"}],"about":[{"href":"https:\/\/uniformelaboral.com\/index.php\/wp-json\/wp\/v2\/types\/product"}],"wp:featuredmedia":[{"embeddable":true,"href":"https:\/\/uniformelaboral.com\/index.php\/wp-json\/wp\/v2\/media\/25777"}],"wp:attachment":[{"href":"https:\/\/uniformelaboral.com\/index.php\/wp-json\/wp\/v2\/media?parent=25776"}],"wp:term":[{"taxonomy":"product_brand","embeddable":true,"href":"https:\/\/uniformelaboral.com\/index.php\/wp-json\/wp\/v2\/product_brand?post=25776"},{"taxonomy":"product_cat","embeddable":true,"href":"https:\/\/uniformelaboral.com\/index.php\/wp-json\/wp\/v2\/product_cat?post=25776"},{"taxonomy":"product_tag","embeddable":true,"href":"https:\/\/uniformelaboral.com\/index.php\/wp-json\/wp\/v2\/product_tag?post=25776"}],"curies":[{"name":"wp","href":"https:\/\/api.w.org\/{rel}","templated":true}]}}

<p>Dessuadora de cotó de màniga llarga d’estil raglàn. Amb coll, punys i cintura en canalé 1&#215;1. Coll rodó amb adornament de costures remallades creuades i tapacostures de reforç a l’interior del coll. <br />Composition: 100% cotó, pelfa no perxada, 260 g/m².<br />
Color gris vigoré 58: 85% cotó / 15% viscosa.<br />Remarks: *Etiqueta extraïble.<br />
*Duo concept. <br /><img decoding="async" src="https://static.gorfactory.es/pics/measures/SU_HO.jpg"></p>

<p>Dessuadora de cotó de màniga llarga d’estil raglàn. Amb coll, punys i cintura en canalé 1&#215;1. Coll rodó amb adornament de costures remallades creuades i tapacostures de reforç a l’interior del coll. Composition: 100% cotó, pelfa no perxada, 260 g/m². Color gris vigoré 58: 85% cotó / 15% viscosa.Remarks: *Etiqueta extraïble. *Duo concept.</p>
