{"id":25647,"date":"2025-02-26T11:59:24","date_gmt":"2025-02-26T10:59:24","guid":{"rendered":"https:\/\/uniformelaboral.com\/index.php\/producto\/batian\/"},"modified":"2025-02-26T12:00:48","modified_gmt":"2025-02-26T11:00:48","slug":"batian","status":"publish","type":"product","link":"https:\/\/uniformelaboral.com\/index.php\/producto\/batian\/","title":{"rendered":"BATIAN"},"content":{"rendered":"<p>Dessuadora unisex enc Cot\u00f3 Org\u00e0nic Pentinat i Poli\u00e8ster Reciclat. Coll, punys i cintura de punt canal\u00e9 2&#215;1. guarniment de costures remallades a les espatlles, cisa, coll punys i cintura. Mitja lluna a l&#8217;interior del coll posterior.<br \/>Composition: 60% Cot\u00f3 Org\u00e0nic Pentinat \/ 40% Poli\u00e8ster reciclat, pelfa perxada, 300 g\/m\u00b2.<br \/>\nColor gris vigor\u00e9 58: 53% Cot\u00f3 Org\u00e0nic \/ 40% Poli\u00e8ster reciclat \/ 7% Viscosa<br \/>Remarks: *Etiqueta removible ECO.<br \/>\n*Bossa individual de material reciclat.<br \/>\n*Model unisex.<br \/><img decoding=\"async\" src=\"https:\/\/static.gorfactory.es\/pics\/measures\/SU_HO.jpg\"><\/p>\n","protected":false},"excerpt":{"rendered":"<p>Dessuadora unisex enc Cot\u00f3 Org\u00e0nic Pentinat i Poli\u00e8ster Reciclat. Coll, punys i cintura de punt canal\u00e9 2&#215;1. guarniment de costures remallades a les espatlles, cisa, coll punys i cintura. Mitja lluna a l&#8217;interior del coll posterior.Composition: 60% Cot\u00f3 Org\u00e0nic Pentinat \/ 40% Poli\u00e8ster reciclat, pelfa perxada, 300 g\/m\u00b2. Color gris vigor\u00e9 58: 53% Cot\u00f3 Org\u00e0nic [&hellip;]<\/p>\n","protected":false},"featured_media":25648,"template":"","meta":{"_joinchat":[]},"product_brand":[],"product_cat":[1067,1085,1084,1087],"product_tag":[],"class_list":{"0":"post-25647","1":"product","2":"type-product","3":"status-publish","4":"has-post-thumbnail","6":"product_cat-rolyeco","7":"product_cat-swe","8":"product_cat-sud_cha","9":"product_cat-swe_sh","10":"tm-no-options-pxq","12":"first","13":"instock","14":"taxable","15":"shipping-taxable","16":"purchasable","17":"product-type-variable"},"_links":{"self":[{"href":"https:\/\/uniformelaboral.com\/index.php\/wp-json\/wp\/v2\/product\/25647","targetHints":{"allow":["GET"]}}],"collection":[{"href":"https:\/\/uniformelaboral.com\/index.php\/wp-json\/wp\/v2\/product"}],"about":[{"href":"https:\/\/uniformelaboral.com\/index.php\/wp-json\/wp\/v2\/types\/product"}],"wp:featuredmedia":[{"embeddable":true,"href":"https:\/\/uniformelaboral.com\/index.php\/wp-json\/wp\/v2\/media\/25648"}],"wp:attachment":[{"href":"https:\/\/uniformelaboral.com\/index.php\/wp-json\/wp\/v2\/media?parent=25647"}],"wp:term":[{"taxonomy":"product_brand","embeddable":true,"href":"https:\/\/uniformelaboral.com\/index.php\/wp-json\/wp\/v2\/product_brand?post=25647"},{"taxonomy":"product_cat","embeddable":true,"href":"https:\/\/uniformelaboral.com\/index.php\/wp-json\/wp\/v2\/product_cat?post=25647"},{"taxonomy":"product_tag","embeddable":true,"href":"https:\/\/uniformelaboral.com\/index.php\/wp-json\/wp\/v2\/product_tag?post=25647"}],"curies":[{"name":"wp","href":"https:\/\/api.w.org\/{rel}","templated":true}]}}