{"id":25268,"date":"2025-02-26T11:50:56","date_gmt":"2025-02-26T10:50:56","guid":{"rendered":"https:\/\/uniformelaboral.com\/index.php\/producto\/quebec\/"},"modified":"2025-02-26T11:51:46","modified_gmt":"2025-02-26T10:51:46","slug":"quebec","status":"publish","type":"product","link":"https:\/\/uniformelaboral.com\/index.php\/producto\/quebec\/","title":{"rendered":"QUEBEC"},"content":{"rendered":"<p>Armilla softshell formada per 2 capes.<br \/>\n Cremallera invertida del mateix color amb protector de la barbeta i tirador.<br \/>\nFolre interior en teixit polar.<br \/>\nButxaca exterior al pit dret amb cremallera del mateix color i tirador.<br \/>\nDues butxaques exteriors amb cremallera del mateix color i tirador.<br \/>\nBaixos amb cord\u00f3 el\u00e0stic i topalls. <br \/>Composition: Dues capes. Exterior: 92% poli\u00e8ster \/ 8% elast\u00e0.  Interior: 100% poli\u00e8ster micropolar extra c\u00e0lid. 300 g\/m\u00b2. <br \/>Remarks: *Recordeu les limitacions d&#8217;aquest tipus de teixit i la necessitat de protegir de migracions la tinta del dibuix al fer marcats i estampacions sobre el mateix<br \/><img decoding=\"async\" src=\"https:\/\/static.gorfactory.es\/pics\/measures\/SS_HO.jpg\"><\/p>\n","protected":false},"excerpt":{"rendered":"<p>Armilla softshell formada per 2 capes. Cremallera invertida del mateix color amb protector de la barbeta i tirador. Folre interior en teixit polar. Butxaca exterior al pit dret amb cremallera del mateix color i tirador. Dues butxaques exteriors amb cremallera del mateix color i tirador. Baixos amb cord\u00f3 el\u00e0stic i topalls. Composition: Dues capes. Exterior: [&hellip;]<\/p>\n","protected":false},"featured_media":25269,"template":"","meta":{"_joinchat":[]},"product_brand":[],"product_cat":[1088,1165,1090,1093,1097],"product_tag":[],"class_list":{"0":"post-25268","1":"product","2":"type-product","3":"status-publish","4":"has-post-thumbnail","6":"product_cat-coats","7":"product_cat-basic","8":"product_cat-cha","9":"product_cat-softshell","10":"product_cat-workwear","11":"tm-no-options-pxq","13":"first","14":"instock","15":"taxable","16":"shipping-taxable","17":"purchasable","18":"product-type-variable"},"_links":{"self":[{"href":"https:\/\/uniformelaboral.com\/index.php\/wp-json\/wp\/v2\/product\/25268","targetHints":{"allow":["GET"]}}],"collection":[{"href":"https:\/\/uniformelaboral.com\/index.php\/wp-json\/wp\/v2\/product"}],"about":[{"href":"https:\/\/uniformelaboral.com\/index.php\/wp-json\/wp\/v2\/types\/product"}],"wp:featuredmedia":[{"embeddable":true,"href":"https:\/\/uniformelaboral.com\/index.php\/wp-json\/wp\/v2\/media\/25269"}],"wp:attachment":[{"href":"https:\/\/uniformelaboral.com\/index.php\/wp-json\/wp\/v2\/media?parent=25268"}],"wp:term":[{"taxonomy":"product_brand","embeddable":true,"href":"https:\/\/uniformelaboral.com\/index.php\/wp-json\/wp\/v2\/product_brand?post=25268"},{"taxonomy":"product_cat","embeddable":true,"href":"https:\/\/uniformelaboral.com\/index.php\/wp-json\/wp\/v2\/product_cat?post=25268"},{"taxonomy":"product_tag","embeddable":true,"href":"https:\/\/uniformelaboral.com\/index.php\/wp-json\/wp\/v2\/product_tag?post=25268"}],"curies":[{"name":"wp","href":"https:\/\/api.w.org\/{rel}","templated":true}]}}

<p>Armilla softshell formada per 2 capes.<br />
 Cremallera invertida del mateix color amb protector de la barbeta i tirador.<br />
Folre interior en teixit polar.<br />
Butxaca exterior al pit dret amb cremallera del mateix color i tirador.<br />
Dues butxaques exteriors amb cremallera del mateix color i tirador.<br />
Baixos amb cordó elàstic i topalls. <br />Composition: Dues capes. Exterior: 92% polièster / 8% elastà.  Interior: 100% polièster micropolar extra càlid. 300 g/m². <br />Remarks: *Recordeu les limitacions d&#8217;aquest tipus de teixit i la necessitat de protegir de migracions la tinta del dibuix al fer marcats i estampacions sobre el mateix<br /><img decoding="async" src="https://static.gorfactory.es/pics/measures/SS_HO.jpg"></p>

<p>Armilla softshell formada per 2 capes. Cremallera invertida del mateix color amb protector de la barbeta i tirador. Folre interior en teixit polar. Butxaca exterior al pit dret amb cremallera del mateix color i tirador. Dues butxaques exteriors amb cremallera del mateix color i tirador. Baixos amb cordó elàstic i topalls. Composition: Dues capes. Exterior: [&hellip;]</p>
