{"id":24930,"date":"2025-02-26T11:42:28","date_gmt":"2025-02-26T10:42:28","guid":{"rendered":"https:\/\/uniformelaboral.com\/index.php\/producto\/kepler\/"},"modified":"2025-02-26T11:42:37","modified_gmt":"2025-02-26T10:42:37","slug":"kepler","status":"publish","type":"product","link":"https:\/\/uniformelaboral.com\/index.php\/producto\/kepler\/","title":{"rendered":"KEPLER"},"content":{"rendered":"<p>Pantalla facial reutilitzable flexible i lleugera. Realitzada en cartr\u00f3 laminat blanc i PET. F\u00e0cil de personalitzar. Tancament ajustable amb velcro negre. Encoixinat de goma escuma per a un c\u00f2mode ajustament al front. Disseny contra esquitxades.<br \/>\n<br \/>Composition: Cartr\u00f3 laminat blanc i PET<br \/>Remarks: &#8211; Disponible en dos tamanys: Adult i nen.<br \/>\n* Mides talla adult: 31&#215;24 cm<br \/>\n* Mides talla nen: 28&#215;20\u00b45 cm<br \/>\n&#8211; Certificada com a EPI.<br \/>\n&#8211; Apta per al seu \u00fas simultani amb ulleres i mascareta.<\/p>\n","protected":false},"excerpt":{"rendered":"<p>Pantalla facial reutilitzable flexible i lleugera. Realitzada en cartr\u00f3 laminat blanc i PET. F\u00e0cil de personalitzar. Tancament ajustable amb velcro negre. Encoixinat de goma escuma per a un c\u00f2mode ajustament al front. Disseny contra esquitxades. Composition: Cartr\u00f3 laminat blanc i PETRemarks: &#8211; Disponible en dos tamanys: Adult i nen. * Mides talla adult: 31&#215;24 cm [&hellip;]<\/p>\n","protected":false},"featured_media":24931,"template":"","meta":{"_joinchat":[]},"product_brand":[],"product_cat":[1121,1097],"product_tag":[],"class_list":{"0":"post-24930","1":"product","2":"type-product","3":"status-publish","4":"has-post-thumbnail","6":"product_cat-san_est","7":"product_cat-workwear","8":"tm-no-options-pxq","10":"first","11":"instock","12":"taxable","13":"shipping-taxable","14":"purchasable","15":"product-type-variable"},"_links":{"self":[{"href":"https:\/\/uniformelaboral.com\/index.php\/wp-json\/wp\/v2\/product\/24930","targetHints":{"allow":["GET"]}}],"collection":[{"href":"https:\/\/uniformelaboral.com\/index.php\/wp-json\/wp\/v2\/product"}],"about":[{"href":"https:\/\/uniformelaboral.com\/index.php\/wp-json\/wp\/v2\/types\/product"}],"wp:featuredmedia":[{"embeddable":true,"href":"https:\/\/uniformelaboral.com\/index.php\/wp-json\/wp\/v2\/media\/24931"}],"wp:attachment":[{"href":"https:\/\/uniformelaboral.com\/index.php\/wp-json\/wp\/v2\/media?parent=24930"}],"wp:term":[{"taxonomy":"product_brand","embeddable":true,"href":"https:\/\/uniformelaboral.com\/index.php\/wp-json\/wp\/v2\/product_brand?post=24930"},{"taxonomy":"product_cat","embeddable":true,"href":"https:\/\/uniformelaboral.com\/index.php\/wp-json\/wp\/v2\/product_cat?post=24930"},{"taxonomy":"product_tag","embeddable":true,"href":"https:\/\/uniformelaboral.com\/index.php\/wp-json\/wp\/v2\/product_tag?post=24930"}],"curies":[{"name":"wp","href":"https:\/\/api.w.org\/{rel}","templated":true}]}}

<p>Pantalla facial reutilitzable flexible i lleugera. Realitzada en cartró laminat blanc i PET. Fàcil de personalitzar. Tancament ajustable amb velcro negre. Encoixinat de goma escuma per a un còmode ajustament al front. Disseny contra esquitxades.<br />
<br />Composition: Cartró laminat blanc i PET<br />Remarks: &#8211; Disponible en dos tamanys: Adult i nen.<br />
* Mides talla adult: 31&#215;24 cm<br />
* Mides talla nen: 28&#215;20´5 cm<br />
&#8211; Certificada com a EPI.<br />
&#8211; Apta per al seu ús simultani amb ulleres i mascareta.</p>

<p>Pantalla facial reutilitzable flexible i lleugera. Realitzada en cartró laminat blanc i PET. Fàcil de personalitzar. Tancament ajustable amb velcro negre. Encoixinat de goma escuma per a un còmode ajustament al front. Disseny contra esquitxades. Composition: Cartró laminat blanc i PETRemarks: &#8211; Disponible en dos tamanys: Adult i nen. * Mides talla adult: 31&#215;24 cm [&hellip;]</p>
