{"id":24862,"date":"2025-02-26T11:40:54","date_gmt":"2025-02-26T10:40:54","guid":{"rendered":"https:\/\/uniformelaboral.com\/index.php\/producto\/sebring\/"},"modified":"2025-02-26T11:41:49","modified_gmt":"2025-02-26T10:41:49","slug":"sebring","status":"publish","type":"product","link":"https:\/\/uniformelaboral.com\/index.php\/producto\/sebring\/","title":{"rendered":"SEBRING"},"content":{"rendered":"<p>Top t\u00e8cnic de dona. Teixit transpirable. Esquena amb tirants creuats de disseny. Subjecci\u00f3 alta.<br \/>Composition: 80% nil\u00f3 \/ 20% elast\u00e0 interlock, 270 g\/m\u00b2<br \/>Remarks: * Etiqueta extra\u00efble.<br \/>\n* Teixit t\u00e8cnic.<br \/><img decoding=\"async\" src=\"https:\/\/static.gorfactory.es\/images\/models\/6665\/model\/large\/6665_165_4_1.jpg\"><\/p>\n","protected":false},"excerpt":{"rendered":"<p>Top t\u00e8cnic de dona. Teixit transpirable. Esquena amb tirants creuats de disseny. Subjecci\u00f3 alta.Composition: 80% nil\u00f3 \/ 20% elast\u00e0 interlock, 270 g\/m\u00b2Remarks: * Etiqueta extra\u00efble. * Teixit t\u00e8cnic.<\/p>\n","protected":false},"featured_media":24863,"template":"","meta":{"_joinchat":[]},"product_brand":[],"product_cat":[1065,1067,654],"product_tag":[],"class_list":{"0":"post-24862","1":"product","2":"type-product","3":"status-publish","4":"has-post-thumbnail","6":"product_cat-cam_sp","7":"product_cat-rolyeco","8":"product_cat-sports-indumentaria-base","9":"tm-no-options-pxq","11":"first","12":"instock","13":"taxable","14":"shipping-taxable","15":"purchasable","16":"product-type-variable"},"_links":{"self":[{"href":"https:\/\/uniformelaboral.com\/index.php\/wp-json\/wp\/v2\/product\/24862","targetHints":{"allow":["GET"]}}],"collection":[{"href":"https:\/\/uniformelaboral.com\/index.php\/wp-json\/wp\/v2\/product"}],"about":[{"href":"https:\/\/uniformelaboral.com\/index.php\/wp-json\/wp\/v2\/types\/product"}],"wp:featuredmedia":[{"embeddable":true,"href":"https:\/\/uniformelaboral.com\/index.php\/wp-json\/wp\/v2\/media\/24863"}],"wp:attachment":[{"href":"https:\/\/uniformelaboral.com\/index.php\/wp-json\/wp\/v2\/media?parent=24862"}],"wp:term":[{"taxonomy":"product_brand","embeddable":true,"href":"https:\/\/uniformelaboral.com\/index.php\/wp-json\/wp\/v2\/product_brand?post=24862"},{"taxonomy":"product_cat","embeddable":true,"href":"https:\/\/uniformelaboral.com\/index.php\/wp-json\/wp\/v2\/product_cat?post=24862"},{"taxonomy":"product_tag","embeddable":true,"href":"https:\/\/uniformelaboral.com\/index.php\/wp-json\/wp\/v2\/product_tag?post=24862"}],"curies":[{"name":"wp","href":"https:\/\/api.w.org\/{rel}","templated":true}]}}