{"id":24839,"date":"2025-02-26T11:40:19","date_gmt":"2025-02-26T10:40:19","guid":{"rendered":"https:\/\/uniformelaboral.com\/index.php\/producto\/sakhir\/"},"modified":"2025-02-26T11:40:53","modified_gmt":"2025-02-26T10:40:53","slug":"sakhir","status":"publish","type":"product","link":"https:\/\/uniformelaboral.com\/index.php\/producto\/sakhir\/","title":{"rendered":"SAKHIR"},"content":{"rendered":"<p>Top t\u00e8cnic multiesport de dona. Esquena estil nedadora i sense costures. Subjecci\u00f3 mitjana.<br \/>Composition: 60% nil\u00f3 \/ 30% poli\u00e8ster \/ 10% elast\u00e0, 240 g\/m\u00b2.<br \/>\nColor negre 02: 90% nil\u00f3 \/ 10% elast\u00e0, 240 g\/m\u00b2.<br \/>Remarks: *Model transpirable de f\u00e0cil assecat.<br \/>\n*Teixit t\u00e8cnic.<br \/><img decoding=\"async\" src=\"https:\/\/static.gorfactory.es\/images\/models\/6662\/model\/large\/6662_243_4_1.jpg\"><\/p>\n","protected":false},"excerpt":{"rendered":"<p>Top t\u00e8cnic multiesport de dona. Esquena estil nedadora i sense costures. Subjecci\u00f3 mitjana.Composition: 60% nil\u00f3 \/ 30% poli\u00e8ster \/ 10% elast\u00e0, 240 g\/m\u00b2. Color negre 02: 90% nil\u00f3 \/ 10% elast\u00e0, 240 g\/m\u00b2.Remarks: *Model transpirable de f\u00e0cil assecat. *Teixit t\u00e8cnic.<\/p>\n","protected":false},"featured_media":24840,"template":"","meta":{"_joinchat":[]},"product_brand":[],"product_cat":[1065,654],"product_tag":[],"class_list":{"0":"post-24839","1":"product","2":"type-product","3":"status-publish","4":"has-post-thumbnail","6":"product_cat-cam_sp","7":"product_cat-sports-indumentaria-base","8":"tm-no-options-pxq","10":"first","11":"instock","12":"taxable","13":"shipping-taxable","14":"purchasable","15":"product-type-variable"},"_links":{"self":[{"href":"https:\/\/uniformelaboral.com\/index.php\/wp-json\/wp\/v2\/product\/24839","targetHints":{"allow":["GET"]}}],"collection":[{"href":"https:\/\/uniformelaboral.com\/index.php\/wp-json\/wp\/v2\/product"}],"about":[{"href":"https:\/\/uniformelaboral.com\/index.php\/wp-json\/wp\/v2\/types\/product"}],"wp:featuredmedia":[{"embeddable":true,"href":"https:\/\/uniformelaboral.com\/index.php\/wp-json\/wp\/v2\/media\/24840"}],"wp:attachment":[{"href":"https:\/\/uniformelaboral.com\/index.php\/wp-json\/wp\/v2\/media?parent=24839"}],"wp:term":[{"taxonomy":"product_brand","embeddable":true,"href":"https:\/\/uniformelaboral.com\/index.php\/wp-json\/wp\/v2\/product_brand?post=24839"},{"taxonomy":"product_cat","embeddable":true,"href":"https:\/\/uniformelaboral.com\/index.php\/wp-json\/wp\/v2\/product_cat?post=24839"},{"taxonomy":"product_tag","embeddable":true,"href":"https:\/\/uniformelaboral.com\/index.php\/wp-json\/wp\/v2\/product_tag?post=24839"}],"curies":[{"name":"wp","href":"https:\/\/api.w.org\/{rel}","templated":true}]}}