{"id":24419,"date":"2025-02-26T11:30:26","date_gmt":"2025-02-26T10:30:26","guid":{"rendered":"https:\/\/uniformelaboral.com\/index.php\/producto\/pegaso-woman-premium\/"},"modified":"2025-02-26T11:31:34","modified_gmt":"2025-02-26T10:31:34","slug":"pegaso-woman-premium","status":"publish","type":"product","link":"https:\/\/uniformelaboral.com\/index.php\/producto\/pegaso-woman-premium\/","title":{"rendered":"PEGASO WOMAN PREMIUM"},"content":{"rendered":"<p>Polo de m\u00e0niga curta entallat. Coll i rivet de m\u00e0nicues en canal\u00e9 1&#215;1 amb detall en relleu. tapeta amb 3 botons. Tapa-costures refor\u00e7at al coll. Obertures laterals als baixos.<br \/>Composition: 60% Cot\u00f3 \/ 40% Poli\u00e8ster, punt piqu\u00e9. Color: 190g\/m\u00b2. Blanc: 220g\/m\u00b2 <br \/>Remarks: *Etiqueta removible.<br \/>\n*Duo concept.<br \/>\n*Tractament ANTI-PILLING.<br \/><img decoding=\"async\" src=\"https:\/\/static.gorfactory.es\/pics\/measures\/PO_MC_MU.jpg\"><\/p>\n","protected":false},"excerpt":{"rendered":"<p>Polo de m\u00e0niga curta entallat. Coll i rivet de m\u00e0nicues en canal\u00e9 1&#215;1 amb detall en relleu. tapeta amb 3 botons. Tapa-costures refor\u00e7at al coll. Obertures laterals als baixos.Composition: 60% Cot\u00f3 \/ 40% Poli\u00e8ster, punt piqu\u00e9. Color: 190g\/m\u00b2. Blanc: 220g\/m\u00b2 Remarks: *Etiqueta removible. *Duo concept. *Tractament ANTI-PILLING.<\/p>\n","protected":false},"featured_media":24420,"template":"","meta":{"_joinchat":[]},"product_brand":[],"product_cat":[1165,1076,1077,1078,1097],"product_tag":[],"class_list":{"0":"post-24419","1":"product","2":"type-product","3":"status-publish","4":"has-post-thumbnail","6":"product_cat-basic","7":"product_cat-cam_po","8":"product_cat-pol_s","9":"product_cat-pmc","10":"product_cat-workwear","11":"tm-no-options-pxq","13":"first","14":"instock","15":"taxable","16":"shipping-taxable","17":"purchasable","18":"product-type-variable"},"_links":{"self":[{"href":"https:\/\/uniformelaboral.com\/index.php\/wp-json\/wp\/v2\/product\/24419","targetHints":{"allow":["GET"]}}],"collection":[{"href":"https:\/\/uniformelaboral.com\/index.php\/wp-json\/wp\/v2\/product"}],"about":[{"href":"https:\/\/uniformelaboral.com\/index.php\/wp-json\/wp\/v2\/types\/product"}],"wp:featuredmedia":[{"embeddable":true,"href":"https:\/\/uniformelaboral.com\/index.php\/wp-json\/wp\/v2\/media\/24420"}],"wp:attachment":[{"href":"https:\/\/uniformelaboral.com\/index.php\/wp-json\/wp\/v2\/media?parent=24419"}],"wp:term":[{"taxonomy":"product_brand","embeddable":true,"href":"https:\/\/uniformelaboral.com\/index.php\/wp-json\/wp\/v2\/product_brand?post=24419"},{"taxonomy":"product_cat","embeddable":true,"href":"https:\/\/uniformelaboral.com\/index.php\/wp-json\/wp\/v2\/product_cat?post=24419"},{"taxonomy":"product_tag","embeddable":true,"href":"https:\/\/uniformelaboral.com\/index.php\/wp-json\/wp\/v2\/product_tag?post=24419"}],"curies":[{"name":"wp","href":"https:\/\/api.w.org\/{rel}","templated":true}]}}