{"id":24299,"date":"2025-02-26T11:27:38","date_gmt":"2025-02-26T10:27:38","guid":{"rendered":"https:\/\/uniformelaboral.com\/index.php\/producto\/nation\/"},"modified":"2025-02-26T11:28:12","modified_gmt":"2025-02-26T10:28:12","slug":"nation","status":"publish","type":"product","link":"https:\/\/uniformelaboral.com\/index.php\/producto\/nation\/","title":{"rendered":"NATION"},"content":{"rendered":"<p>Polo de m\u00e0niga curta, coll i bocam\u00e0niga jackard amb tapeta de tres botons. Cobrecostures refor\u00e7at al coll. Adornament de bandera brodat a l\u2019esquena.<br \/>Composition: 60% cot\u00f3 \/ 40% poli\u00e8ster, punt piqu\u00e9. Blanc: 210 g\/m\u00b2. Color: 190 g\/m\u00b2.<br \/>Remarks: *Butxaca opcional.<br \/>\n*Etiqueta extra\u00efble.<br \/>\n*Tractament ANTI-PILLING.<br \/><img decoding=\"async\" src=\"https:\/\/static.gorfactory.es\/pics\/measures\/PO_MC_HO.jpg\"><\/p>\n","protected":false},"excerpt":{"rendered":"<p>Polo de m\u00e0niga curta, coll i bocam\u00e0niga jackard amb tapeta de tres botons. Cobrecostures refor\u00e7at al coll. Adornament de bandera brodat a l\u2019esquena.Composition: 60% cot\u00f3 \/ 40% poli\u00e8ster, punt piqu\u00e9. Blanc: 210 g\/m\u00b2. Color: 190 g\/m\u00b2.Remarks: *Butxaca opcional. *Etiqueta extra\u00efble. *Tractament ANTI-PILLING.<\/p>\n","protected":false},"featured_media":24300,"template":"","meta":{"_joinchat":[]},"product_brand":[],"product_cat":[1076,1077,1078],"product_tag":[],"class_list":{"0":"post-24299","1":"product","2":"type-product","3":"status-publish","4":"has-post-thumbnail","6":"product_cat-cam_po","7":"product_cat-pol_s","8":"product_cat-pmc","9":"tm-no-options-pxq","11":"first","12":"instock","13":"taxable","14":"shipping-taxable","15":"purchasable","16":"product-type-variable"},"_links":{"self":[{"href":"https:\/\/uniformelaboral.com\/index.php\/wp-json\/wp\/v2\/product\/24299","targetHints":{"allow":["GET"]}}],"collection":[{"href":"https:\/\/uniformelaboral.com\/index.php\/wp-json\/wp\/v2\/product"}],"about":[{"href":"https:\/\/uniformelaboral.com\/index.php\/wp-json\/wp\/v2\/types\/product"}],"wp:featuredmedia":[{"embeddable":true,"href":"https:\/\/uniformelaboral.com\/index.php\/wp-json\/wp\/v2\/media\/24300"}],"wp:attachment":[{"href":"https:\/\/uniformelaboral.com\/index.php\/wp-json\/wp\/v2\/media?parent=24299"}],"wp:term":[{"taxonomy":"product_brand","embeddable":true,"href":"https:\/\/uniformelaboral.com\/index.php\/wp-json\/wp\/v2\/product_brand?post=24299"},{"taxonomy":"product_cat","embeddable":true,"href":"https:\/\/uniformelaboral.com\/index.php\/wp-json\/wp\/v2\/product_cat?post=24299"},{"taxonomy":"product_tag","embeddable":true,"href":"https:\/\/uniformelaboral.com\/index.php\/wp-json\/wp\/v2\/product_tag?post=24299"}],"curies":[{"name":"wp","href":"https:\/\/api.w.org\/{rel}","templated":true}]}}

<p>Polo de màniga curta, coll i bocamàniga jackard amb tapeta de tres botons. Cobrecostures reforçat al coll. Adornament de bandera brodat a l’esquena.<br />Composition: 60% cotó / 40% polièster, punt piqué. Blanc: 210 g/m². Color: 190 g/m².<br />Remarks: *Butxaca opcional.<br />
*Etiqueta extraïble.<br />
*Tractament ANTI-PILLING.<br /><img decoding="async" src="https://static.gorfactory.es/pics/measures/PO_MC_HO.jpg"></p>

<p>Polo de màniga curta, coll i bocamàniga jackard amb tapeta de tres botons. Cobrecostures reforçat al coll. Adornament de bandera brodat a l’esquena.Composition: 60% cotó / 40% polièster, punt piqué. Blanc: 210 g/m². Color: 190 g/m².Remarks: *Butxaca opcional. *Etiqueta extraïble. *Tractament ANTI-PILLING.</p>
