{"id":23788,"date":"2025-02-26T11:16:10","date_gmt":"2025-02-26T10:16:10","guid":{"rendered":"https:\/\/uniformelaboral.com\/index.php\/producto\/carpe-child\/"},"modified":"2025-02-26T11:16:20","modified_gmt":"2025-02-26T10:16:20","slug":"carpe-child","status":"publish","type":"product","link":"https:\/\/uniformelaboral.com\/index.php\/producto\/carpe-child\/","title":{"rendered":"CARPE CHILD"},"content":{"rendered":"<p>Polo de m\u00e0niga llarga, coll i bocam\u00e0nigues acanalats i tapeta de 2 botons. Punys canal\u00e9 1&#215;1 amb elast\u00e0 i tapacostures refor\u00e7at al coll.<br \/>Composition: 65% poli\u00e8ster\/35% cot\u00f3, punt piqu\u00e9, 220 g\/m\u00b2.<br \/>Remarks: *Etiqueta extra\u00efble.<br \/>\n<br \/><img decoding=\"async\" src=\"https:\/\/static.gorfactory.es\/pics\/measures\/PO_MC_HO.jpg\"><\/p>\n","protected":false},"excerpt":{"rendered":"<p>Polo de m\u00e0niga llarga, coll i bocam\u00e0nigues acanalats i tapeta de 2 botons. Punys canal\u00e9 1&#215;1 amb elast\u00e0 i tapacostures refor\u00e7at al coll.Composition: 65% poli\u00e8ster\/35% cot\u00f3, punt piqu\u00e9, 220 g\/m\u00b2.Remarks: *Etiqueta extra\u00efble.<\/p>\n","protected":false},"featured_media":23789,"template":"","meta":{"_joinchat":[]},"product_brand":[],"product_cat":[1076,1077,1100],"product_tag":[],"class_list":{"0":"post-23788","1":"product","2":"type-product","3":"status-publish","4":"has-post-thumbnail","6":"product_cat-cam_po","7":"product_cat-pol_s","8":"product_cat-pol_w","9":"tm-no-options-pxq","11":"first","12":"instock","13":"taxable","14":"shipping-taxable","15":"purchasable","16":"product-type-variable"},"_links":{"self":[{"href":"https:\/\/uniformelaboral.com\/index.php\/wp-json\/wp\/v2\/product\/23788","targetHints":{"allow":["GET"]}}],"collection":[{"href":"https:\/\/uniformelaboral.com\/index.php\/wp-json\/wp\/v2\/product"}],"about":[{"href":"https:\/\/uniformelaboral.com\/index.php\/wp-json\/wp\/v2\/types\/product"}],"wp:featuredmedia":[{"embeddable":true,"href":"https:\/\/uniformelaboral.com\/index.php\/wp-json\/wp\/v2\/media\/23789"}],"wp:attachment":[{"href":"https:\/\/uniformelaboral.com\/index.php\/wp-json\/wp\/v2\/media?parent=23788"}],"wp:term":[{"taxonomy":"product_brand","embeddable":true,"href":"https:\/\/uniformelaboral.com\/index.php\/wp-json\/wp\/v2\/product_brand?post=23788"},{"taxonomy":"product_cat","embeddable":true,"href":"https:\/\/uniformelaboral.com\/index.php\/wp-json\/wp\/v2\/product_cat?post=23788"},{"taxonomy":"product_tag","embeddable":true,"href":"https:\/\/uniformelaboral.com\/index.php\/wp-json\/wp\/v2\/product_tag?post=23788"}],"curies":[{"name":"wp","href":"https:\/\/api.w.org\/{rel}","templated":true}]}}

<p>Polo de màniga llarga, coll i bocamànigues acanalats i tapeta de 2 botons. Punys canalé 1&#215;1 amb elastà i tapacostures reforçat al coll.<br />Composition: 65% polièster/35% cotó, punt piqué, 220 g/m².<br />Remarks: *Etiqueta extraïble.<br />
<br /><img decoding="async" src="https://static.gorfactory.es/pics/measures/PO_MC_HO.jpg"></p>

<p>Polo de màniga llarga, coll i bocamànigues acanalats i tapeta de 2 botons. Punys canalé 1&#215;1 amb elastà i tapacostures reforçat al coll.Composition: 65% polièster/35% cotó, punt piqué, 220 g/m².Remarks: *Etiqueta extraïble.</p>
