{"id":22692,"date":"2025-02-26T10:51:51","date_gmt":"2025-02-26T09:51:51","guid":{"rendered":"https:\/\/uniformelaboral.com\/index.php\/producto\/care\/"},"modified":"2025-02-26T10:53:48","modified_gmt":"2025-02-26T09:53:48","slug":"care","status":"publish","type":"product","link":"https:\/\/uniformelaboral.com\/index.php\/producto\/care\/","title":{"rendered":"CARE"},"content":{"rendered":"<p>Pantalons llargs tall recte Unisex.<br \/>\n\u00b7Cintura el\u00e0stica i cinta ajustable.<br \/>\n\u00b7 Butxaques Franceses.<br \/>Composition: El 65% poli\u00e8ster \/ 35% cot\u00f3, sarja de 195 g \/ m\u00b2.<br \/>Remarks: * Etiqueta extra\u00efble.<br \/>\n* Model unisex.<br \/>\n* Models per a laboratori, sanitat, est\u00e8tica, alimentaci\u00f3 i neteja.<br \/><img decoding=\"async\" src=\"https:\/\/static.gorfactory.es\/pics\/measures\/PA_HO.jpg\"><\/p>\n","protected":false},"excerpt":{"rendered":"<p>Pantalons llargs tall recte Unisex. \u00b7Cintura el\u00e0stica i cinta ajustable. \u00b7 Butxaques Franceses.Composition: El 65% poli\u00e8ster \/ 35% cot\u00f3, sarja de 195 g \/ m\u00b2.Remarks: * Etiqueta extra\u00efble. * Model unisex. * Models per a laboratori, sanitat, est\u00e8tica, alimentaci\u00f3 i neteja.<\/p>\n","protected":false},"featured_media":22693,"template":"","meta":{"_joinchat":[]},"product_brand":[],"product_cat":[1125,1121,1097],"product_tag":[],"class_list":{"0":"post-22692","1":"product","2":"type-product","3":"status-publish","4":"has-post-thumbnail","6":"product_cat-sanitarypantalon","7":"product_cat-san_est","8":"product_cat-workwear","9":"tm-no-options-pxq","11":"first","12":"instock","13":"taxable","14":"shipping-taxable","15":"purchasable","16":"product-type-variable"},"_links":{"self":[{"href":"https:\/\/uniformelaboral.com\/index.php\/wp-json\/wp\/v2\/product\/22692","targetHints":{"allow":["GET"]}}],"collection":[{"href":"https:\/\/uniformelaboral.com\/index.php\/wp-json\/wp\/v2\/product"}],"about":[{"href":"https:\/\/uniformelaboral.com\/index.php\/wp-json\/wp\/v2\/types\/product"}],"wp:featuredmedia":[{"embeddable":true,"href":"https:\/\/uniformelaboral.com\/index.php\/wp-json\/wp\/v2\/media\/22693"}],"wp:attachment":[{"href":"https:\/\/uniformelaboral.com\/index.php\/wp-json\/wp\/v2\/media?parent=22692"}],"wp:term":[{"taxonomy":"product_brand","embeddable":true,"href":"https:\/\/uniformelaboral.com\/index.php\/wp-json\/wp\/v2\/product_brand?post=22692"},{"taxonomy":"product_cat","embeddable":true,"href":"https:\/\/uniformelaboral.com\/index.php\/wp-json\/wp\/v2\/product_cat?post=22692"},{"taxonomy":"product_tag","embeddable":true,"href":"https:\/\/uniformelaboral.com\/index.php\/wp-json\/wp\/v2\/product_tag?post=22692"}],"curies":[{"name":"wp","href":"https:\/\/api.w.org\/{rel}","templated":true}]}}

<p>Pantalons llargs tall recte Unisex.<br />
·Cintura elàstica i cinta ajustable.<br />
· Butxaques Franceses.<br />Composition: El 65% polièster / 35% cotó, sarja de 195 g / m².<br />Remarks: * Etiqueta extraïble.<br />
* Model unisex.<br />
* Models per a laboratori, sanitat, estètica, alimentació i neteja.<br /><img decoding="async" src="https://static.gorfactory.es/pics/measures/PA_HO.jpg"></p>

<p>Pantalons llargs tall recte Unisex. ·Cintura elàstica i cinta ajustable. · Butxaques Franceses.Composition: El 65% polièster / 35% cotó, sarja de 195 g / m².Remarks: * Etiqueta extraïble. * Model unisex. * Models per a laboratori, sanitat, estètica, alimentació i neteja.</p>
