{"id":21886,"date":"2024-08-23T11:17:57","date_gmt":"2024-08-23T09:17:57","guid":{"rendered":"https:\/\/uniformelaboral.com\/?post_type=product&#038;p=21886"},"modified":"2024-08-23T11:44:45","modified_gmt":"2024-08-23T09:44:45","slug":"sabata-panter-kniter-s3-si-ci-src-negro-51e","status":"publish","type":"product","link":"https:\/\/uniformelaboral.com\/index.php\/producto\/sabata-panter-kniter-s3-si-ci-src-negro-51e\/","title":{"rendered":"SABATA PANTER KNITER S3 SI CI SRC NEGRO \/ 51\u20ac"},"content":{"rendered":"","protected":false},"excerpt":{"rendered":"<h5><img loading=\"lazy\" decoding=\"async\" class=\" wp-image-21860 alignleft\" src=\"https:\/\/uniformelaboral.com\/wp-content\/uploads\/2024\/08\/logo-1655378203.jpg\" alt=\"\" width=\"225\" height=\"61\" \/>Cal\u00e7at de seguretat antifatiga de disseny esportiu, molt lleuger i confortable. Fabricat amb teixit t\u00e8cnic d&#8217;alta resist\u00e8ncia molt transpirable, amb un atractiu disseny i est\u00e8tica sport-casual. Ideal per al seu \u00fas tant dins com fora de la feina.<\/h5>\n<p><img loading=\"lazy\" decoding=\"async\" class=\"alignnone wp-image-21871\" src=\"https:\/\/uniformelaboral.com\/wp-content\/uploads\/2024\/08\/ANTIFATIGA-I-RECICLATGE-300x132.jpg\" alt=\"\" width=\"209\" height=\"92\" srcset=\"https:\/\/uniformelaboral.com\/wp-content\/uploads\/2024\/08\/ANTIFATIGA-I-RECICLATGE-300x132.jpg 300w, https:\/\/uniformelaboral.com\/wp-content\/uploads\/2024\/08\/ANTIFATIGA-I-RECICLATGE-416x183.jpg 416w, https:\/\/uniformelaboral.com\/wp-content\/uploads\/2024\/08\/ANTIFATIGA-I-RECICLATGE.jpg 433w\" sizes=\"auto, (max-width: 209px) 100vw, 209px\" \/><\/p>\n<h5><a href=\"https:\/\/www.panter.es\/es\/index.php?controller=attachment&amp;id_attachment=643\" target=\"_blank\" rel=\"noopener noreferrer\">FITXA T\u00c9CNICA<\/a><\/h5>\n<h6 style=\"text-align: right;\"><a href=\"https:\/\/docs.panter.es\/pdf\/CATALOGO_PANTER_2023.pdf\" target=\"_blank\" rel=\"noopener noreferrer\">CONSULTAR CAT\u00c1LEG<\/a><\/h6>\n<h6 style=\"text-align: right;\"><a href=\"https:\/\/uniformelaboral.com\/index.php\/contacte\/\" target=\"_blank\" rel=\"noopener noreferrer\">CONTACTAR AMB NOSALTRES<\/a><\/h6>\n","protected":false},"featured_media":21887,"template":"","meta":{"_joinchat":[]},"product_brand":[],"product_cat":[33,129,801,37,806,810,838,38],"product_tag":[],"class_list":{"0":"post-21886","1":"product","2":"type-product","3":"status-publish","4":"has-post-thumbnail","6":"product_cat-sabates-seguretat","7":"product_cat-calcats-serveis","8":"product_cat-calcats2-industria","9":"product_cat-industria","10":"product_cat-sabates","11":"product_cat-sabates2-industria","12":"product_cat-sabates-serveis","13":"product_cat-serveis","14":"tm-has-options","16":"first","17":"instock","18":"taxable","19":"shipping-taxable","20":"purchasable","21":"product-type-simple"},"_links":{"self":[{"href":"https:\/\/uniformelaboral.com\/index.php\/wp-json\/wp\/v2\/product\/21886","targetHints":{"allow":["GET"]}}],"collection":[{"href":"https:\/\/uniformelaboral.com\/index.php\/wp-json\/wp\/v2\/product"}],"about":[{"href":"https:\/\/uniformelaboral.com\/index.php\/wp-json\/wp\/v2\/types\/product"}],"wp:featuredmedia":[{"embeddable":true,"href":"https:\/\/uniformelaboral.com\/index.php\/wp-json\/wp\/v2\/media\/21887"}],"wp:attachment":[{"href":"https:\/\/uniformelaboral.com\/index.php\/wp-json\/wp\/v2\/media?parent=21886"}],"wp:term":[{"taxonomy":"product_brand","embeddable":true,"href":"https:\/\/uniformelaboral.com\/index.php\/wp-json\/wp\/v2\/product_brand?post=21886"},{"taxonomy":"product_cat","embeddable":true,"href":"https:\/\/uniformelaboral.com\/index.php\/wp-json\/wp\/v2\/product_cat?post=21886"},{"taxonomy":"product_tag","embeddable":true,"href":"https:\/\/uniformelaboral.com\/index.php\/wp-json\/wp\/v2\/product_tag?post=21886"}],"curies":[{"name":"wp","href":"https:\/\/api.w.org\/{rel}","templated":true}]}}

<h5><img loading="lazy" decoding="async" class=" wp-image-21860 alignleft" src="https://uniformelaboral.com/wp-content/uploads/2024/08/logo-1655378203.jpg" alt="" width="225" height="61" />Calçat de seguretat antifatiga de disseny esportiu, molt lleuger i confortable. Fabricat amb teixit tècnic d&#8217;alta resistència molt transpirable, amb un atractiu disseny i estètica sport-casual. Ideal per al seu ús tant dins com fora de la feina.</h5>
<p><img loading="lazy" decoding="async" class="alignnone wp-image-21871" src="https://uniformelaboral.com/wp-content/uploads/2024/08/ANTIFATIGA-I-RECICLATGE-300x132.jpg" alt="" width="209" height="92" srcset="https://uniformelaboral.com/wp-content/uploads/2024/08/ANTIFATIGA-I-RECICLATGE-300x132.jpg 300w, https://uniformelaboral.com/wp-content/uploads/2024/08/ANTIFATIGA-I-RECICLATGE-416x183.jpg 416w, https://uniformelaboral.com/wp-content/uploads/2024/08/ANTIFATIGA-I-RECICLATGE.jpg 433w" sizes="auto, (max-width: 209px) 100vw, 209px" /></p>
<h5><a href="https://www.panter.es/es/index.php?controller=attachment&amp;id_attachment=643" target="_blank" rel="noopener noreferrer">FITXA TÉCNICA</a></h5>
<h6 style="text-align: right;"><a href="https://docs.panter.es/pdf/CATALOGO_PANTER_2023.pdf" target="_blank" rel="noopener noreferrer">CONSULTAR CATÁLEG</a></h6>
<h6 style="text-align: right;"><a href="https://uniformelaboral.com/index.php/contacte/" target="_blank" rel="noopener noreferrer">CONTACTAR AMB NOSALTRES</a></h6>
