{"id":2181,"date":"2020-05-28T23:59:14","date_gmt":"2020-05-28T21:59:14","guid":{"rendered":"https:\/\/uniformelaboral.com\/?post_type=product&#038;p=2181"},"modified":"2023-08-11T20:59:19","modified_gmt":"2023-08-11T18:59:19","slug":"pantalo-cambra-de-fred-work-b1410","status":"publish","type":"product","link":"https:\/\/uniformelaboral.com\/index.php\/producto\/pantalo-cambra-de-fred-work-b1410\/","title":{"rendered":"PANTAL\u00d3 CAMBRA DE FRED WORK B1410 \/ 19.67\u20ac"},"content":{"rendered":"","protected":false},"excerpt":{"rendered":"<div id=\"descripcion\">\n<p><img loading=\"lazy\" decoding=\"async\" class=\"wp-image-20790 alignleft\" src=\"https:\/\/uniformelaboral.com\/wp-content\/uploads\/2020\/06\/LOGO-WORKTEAM-1-300x244.jpg\" alt=\"\" width=\"113\" height=\"92\" srcset=\"https:\/\/uniformelaboral.com\/wp-content\/uploads\/2020\/06\/LOGO-WORKTEAM-1-300x244.jpg 300w, https:\/\/uniformelaboral.com\/wp-content\/uploads\/2020\/06\/LOGO-WORKTEAM-1.jpg 415w\" sizes=\"auto, (max-width: 113px) 100vw, 113px\" \/><\/p>\n<p>Pantalons per al fred amb folre protector. Dues bosses d&#8217;obertura inclinada en els costats, una bossa lateral de c\u00e0rrega amb cartera de bec i velcro. Dues bosses darrere de trau amb tancament de presilla i bot\u00f3. El\u00e0stic en els laterals de la cintura. Travetes. Argolla met\u00e0l\u00b7lica. Tancament de bot\u00f3 i bragueta de cremallera.<\/p>\n<p>composici\u00f3; Ext: 65% Poli\u00e8ster 35% Cot\u00f3. Int: 100% Poli\u00e8ster, Gramaje, Ext. 200 \/ Int. 160<\/p>\n<\/div>\n<div><img loading=\"lazy\" decoding=\"async\" class=\" wp-image-20797 aligncenter\" src=\"https:\/\/uniformelaboral.com\/wp-content\/uploads\/2020\/05\/Fred-i-acolxat.jpg\" alt=\"\" width=\"107\" height=\"53\" \/><\/div>\n<h6><a href=\"https:\/\/www.workteam.com\/fichas\/tallas\/B1410.jpg\" target=\"_blank\" rel=\"noopener noreferrer\">TAULA DE TALLES<\/a><\/h6>\n<h6><a href=\"https:\/\/www.workteam.com\/fichas\/declaraciones\/B1410.pdf\" target=\"_blank\" rel=\"noopener noreferrer\">DECLARACI\u00d3 DE CONFORMITAT<\/a><\/h6>\n<h6 style=\"text-align: right;\"><a href=\"https:\/\/workteam.com\/seccion_detalle.php?ref=B1410&amp;color=BL\" target=\"_blank\" rel=\"noopener noreferrer\">CONSULTAR\u00a0 CAT\u00c1LEG<\/a><\/h6>\n<h6 style=\"text-align: right;\"><a href=\"https:\/\/uniformelaboral.com\/index.php\/contacte\/\" target=\"_blank\" rel=\"noopener noreferrer\">CONTACTAR AMB NOSALTRES<\/a><\/h6>\n<h6><\/h6>\n<h6 style=\"text-align: right;\"><\/h6>\n","protected":false},"featured_media":20796,"template":"","meta":{"_joinchat":[]},"product_brand":[],"product_cat":[36,146,174,37,917,901],"product_tag":[],"class_list":{"0":"post-2181","1":"product","2":"type-product","3":"status-publish","4":"has-post-thumbnail","6":"product_cat-alimentacio","7":"product_cat-cambra-de-fred","8":"product_cat-cambra-de-fred-industria","9":"product_cat-industria","10":"product_cat-pantalons-7","11":"product_cat-pantalons-6","12":"tm-has-options","14":"first","15":"instock","16":"taxable","17":"shipping-taxable","18":"purchasable","19":"product-type-simple"},"_links":{"self":[{"href":"https:\/\/uniformelaboral.com\/index.php\/wp-json\/wp\/v2\/product\/2181","targetHints":{"allow":["GET"]}}],"collection":[{"href":"https:\/\/uniformelaboral.com\/index.php\/wp-json\/wp\/v2\/product"}],"about":[{"href":"https:\/\/uniformelaboral.com\/index.php\/wp-json\/wp\/v2\/types\/product"}],"wp:featuredmedia":[{"embeddable":true,"href":"https:\/\/uniformelaboral.com\/index.php\/wp-json\/wp\/v2\/media\/20796"}],"wp:attachment":[{"href":"https:\/\/uniformelaboral.com\/index.php\/wp-json\/wp\/v2\/media?parent=2181"}],"wp:term":[{"taxonomy":"product_brand","embeddable":true,"href":"https:\/\/uniformelaboral.com\/index.php\/wp-json\/wp\/v2\/product_brand?post=2181"},{"taxonomy":"product_cat","embeddable":true,"href":"https:\/\/uniformelaboral.com\/index.php\/wp-json\/wp\/v2\/product_cat?post=2181"},{"taxonomy":"product_tag","embeddable":true,"href":"https:\/\/uniformelaboral.com\/index.php\/wp-json\/wp\/v2\/product_tag?post=2181"}],"curies":[{"name":"wp","href":"https:\/\/api.w.org\/{rel}","templated":true}]}}

PANTALÓ CAMBRA DE FRED WORK B1410 / 19.67€

<div id="descripcion">
<p><img loading="lazy" decoding="async" class="wp-image-20790 alignleft" src="https://uniformelaboral.com/wp-content/uploads/2020/06/LOGO-WORKTEAM-1-300x244.jpg" alt="" width="113" height="92" srcset="https://uniformelaboral.com/wp-content/uploads/2020/06/LOGO-WORKTEAM-1-300x244.jpg 300w, https://uniformelaboral.com/wp-content/uploads/2020/06/LOGO-WORKTEAM-1.jpg 415w" sizes="auto, (max-width: 113px) 100vw, 113px" /></p>
<p>Pantalons per al fred amb folre protector. Dues bosses d&#8217;obertura inclinada en els costats, una bossa lateral de càrrega amb cartera de bec i velcro. Dues bosses darrere de trau amb tancament de presilla i botó. Elàstic en els laterals de la cintura. Travetes. Argolla metàl·lica. Tancament de botó i bragueta de cremallera.</p>
<p>composició; Ext: 65% Polièster 35% Cotó. Int: 100% Polièster, Gramaje, Ext. 200 / Int. 160</p>
</div>
<div><img loading="lazy" decoding="async" class=" wp-image-20797 aligncenter" src="https://uniformelaboral.com/wp-content/uploads/2020/05/Fred-i-acolxat.jpg" alt="" width="107" height="53" /></div>
<h6><a href="https://www.workteam.com/fichas/tallas/B1410.jpg" target="_blank" rel="noopener noreferrer">TAULA DE TALLES</a></h6>
<h6><a href="https://www.workteam.com/fichas/declaraciones/B1410.pdf" target="_blank" rel="noopener noreferrer">DECLARACIÓ DE CONFORMITAT</a></h6>
<h6 style="text-align: right;"><a href="https://workteam.com/seccion_detalle.php?ref=B1410&amp;color=BL" target="_blank" rel="noopener noreferrer">CONSULTAR  CATÁLEG</a></h6>
<h6 style="text-align: right;"><a href="https://uniformelaboral.com/index.php/contacte/" target="_blank" rel="noopener noreferrer">CONTACTAR AMB NOSALTRES</a></h6>
<h6></h6>
<h6 style="text-align: right;"></h6>
