{"id":2124,"date":"2020-05-28T01:41:38","date_gmt":"2020-05-27T23:41:38","guid":{"rendered":"https:\/\/uniformelaboral.com\/?post_type=product&#038;p=2124"},"modified":"2023-03-02T12:30:30","modified_gmt":"2023-03-02T11:30:30","slug":"casadora-fluor-a-v-work-c4110","status":"publish","type":"product","link":"https:\/\/uniformelaboral.com\/index.php\/producto\/casadora-fluor-a-v-work-c4110\/","title":{"rendered":"CA\u00c7ADORA FLUOR A\/V WORK C4110 \/ 21.63\u20ac"},"content":{"rendered":"","protected":false},"excerpt":{"rendered":"<div id=\"descripcion\">\n<p><img loading=\"lazy\" decoding=\"async\" class=\" wp-image-19952 alignleft\" src=\"https:\/\/uniformelaboral.com\/wp-content\/uploads\/2020\/08\/logo_workteam_negro-300x243.png\" alt=\"\" width=\"122\" height=\"99\" srcset=\"https:\/\/uniformelaboral.com\/wp-content\/uploads\/2020\/08\/logo_workteam_negro-300x243.png 300w, https:\/\/uniformelaboral.com\/wp-content\/uploads\/2020\/08\/logo_workteam_negro-416x337.png 416w, https:\/\/uniformelaboral.com\/wp-content\/uploads\/2020\/08\/logo_workteam_negro.png 450w\" sizes=\"auto, (max-width: 122px) 100vw, 122px\" \/><\/p>\n<p>Ca\u00e7adora combinada amb alta visibilitat i cintes reflectants. Coll camiser i tanca de cremallera de nil\u00f3 oculta per solapa postissa amb velcro. Dues bosses de pit interiors amb tancament de cremallera de nil\u00f3. Dues cintes reflectants a pit, esquena i m\u00e0nigues amb pe\u00e7a central d&#8217;alta visibilitat. Puny amb el\u00e0stic. Tancament de velcro a la cintura i el\u00e0stic en els laterals.<\/p>\n<p>Composici\u00f3; Prin. El 65% Poli\u00e8ster 35% Cot\u00f3 \/ A.V. 50% Poli\u00e8ster 50% Cot\u00f3, Gramaje, Prin. 200 \/ A.V. 250<\/p>\n<\/div>\n<div><img loading=\"lazy\" decoding=\"async\" class=\" wp-image-20035 aligncenter\" src=\"https:\/\/uniformelaboral.com\/wp-content\/uploads\/2020\/05\/ISO-C4110.jpg\" alt=\"\" width=\"125\" height=\"68\" \/><\/div>\n<h6><a href=\"https:\/\/workteam.com\/fichas\/tallas\/C4110.jpg\" target=\"_blank\" rel=\"noopener noreferrer\">TAULA DE TALLES<\/a><\/h6>\n<h6 style=\"text-align: right;\"><a href=\"https:\/\/workteam.com\/seccion_detalle.php?ref=C4110&amp;color=MR_AAV\" target=\"_blank\" rel=\"noopener noreferrer\">CONSULTAR\u00a0 CAT\u00c1LEG<\/a><\/h6>\n<h6 style=\"text-align: right;\"><a href=\"https:\/\/uniformelaboral.com\/index.php\/contacte\/\" target=\"_blank\" rel=\"noopener noreferrer\">CONTACTAR AMB NOSALTRES<\/a><\/h6>\n","protected":false},"featured_media":20025,"template":"","meta":{"_joinchat":[]},"product_brand":[],"product_cat":[35,166],"product_tag":[],"class_list":{"0":"post-2124","1":"product","2":"type-product","3":"status-publish","4":"has-post-thumbnail","6":"product_cat-av-alta-visibilidad","7":"product_cat-cacadores-2","8":"tm-has-options","10":"first","11":"instock","12":"taxable","13":"shipping-taxable","14":"purchasable","15":"product-type-simple"},"_links":{"self":[{"href":"https:\/\/uniformelaboral.com\/index.php\/wp-json\/wp\/v2\/product\/2124","targetHints":{"allow":["GET"]}}],"collection":[{"href":"https:\/\/uniformelaboral.com\/index.php\/wp-json\/wp\/v2\/product"}],"about":[{"href":"https:\/\/uniformelaboral.com\/index.php\/wp-json\/wp\/v2\/types\/product"}],"wp:featuredmedia":[{"embeddable":true,"href":"https:\/\/uniformelaboral.com\/index.php\/wp-json\/wp\/v2\/media\/20025"}],"wp:attachment":[{"href":"https:\/\/uniformelaboral.com\/index.php\/wp-json\/wp\/v2\/media?parent=2124"}],"wp:term":[{"taxonomy":"product_brand","embeddable":true,"href":"https:\/\/uniformelaboral.com\/index.php\/wp-json\/wp\/v2\/product_brand?post=2124"},{"taxonomy":"product_cat","embeddable":true,"href":"https:\/\/uniformelaboral.com\/index.php\/wp-json\/wp\/v2\/product_cat?post=2124"},{"taxonomy":"product_tag","embeddable":true,"href":"https:\/\/uniformelaboral.com\/index.php\/wp-json\/wp\/v2\/product_tag?post=2124"}],"curies":[{"name":"wp","href":"https:\/\/api.w.org\/{rel}","templated":true}]}}