{"id":21044,"date":"2023-08-07T18:03:19","date_gmt":"2023-08-07T16:03:19","guid":{"rendered":"https:\/\/uniformelaboral.com\/?post_type=product&#038;p=21044"},"modified":"2023-08-15T12:37:46","modified_gmt":"2023-08-15T10:37:46","slug":"samarreta-sols-regent-man-11380-280","status":"publish","type":"product","link":"https:\/\/uniformelaboral.com\/index.php\/producto\/samarreta-sols-regent-man-11380-280\/","title":{"rendered":"SAMARRETA SOL&#8217;S REGENT UNISEX 11380 \/ 2,80\u20ac"},"content":{"rendered":"","protected":false},"excerpt":{"rendered":"<p><img loading=\"lazy\" decoding=\"async\" class=\" wp-image-20994 alignleft\" src=\"https:\/\/uniformelaboral.com\/wp-content\/uploads\/2023\/07\/SOLS-logo-avec-baseline-Noir-RVB-300x200.jpg\" alt=\"\" width=\"159\" height=\"106\" srcset=\"https:\/\/uniformelaboral.com\/wp-content\/uploads\/2023\/07\/SOLS-logo-avec-baseline-Noir-RVB-300x200.jpg 300w, https:\/\/uniformelaboral.com\/wp-content\/uploads\/2023\/07\/SOLS-logo-avec-baseline-Noir-RVB-768x513.jpg 768w, https:\/\/uniformelaboral.com\/wp-content\/uploads\/2023\/07\/SOLS-logo-avec-baseline-Noir-RVB-416x278.jpg 416w, https:\/\/uniformelaboral.com\/wp-content\/uploads\/2023\/07\/SOLS-logo-avec-baseline-Noir-RVB.jpg 997w\" sizes=\"auto, (max-width: 159px) 100vw, 159px\" \/>SAMARRETA D&#8217;HOME SOL&#8217;S REGENT<br \/>\nTapacostures refor\u00e7ades al coll Coll de punt acanalat amb elast\u00e0 M\u00e0niga curta<br \/>\nTubular<br \/>\nCOMPOSICI\u00d3<br \/>\n100% cot\u00f3 semi-pentinat<\/p>\n<h6 style=\"text-align: left;\"><a href=\"https:\/\/www.sologroup-spain.com\/es_ES\/pdfpublication\/pdf\/product\/sku\/11380\/store\/28\/type\/template_map\/\">FITXA TECNICA<\/a><\/h6>\n<h6 style=\"text-align: right;\"><a href=\"https:\/\/uniformelaboral.com\/index.php\/contacte\/\" target=\"_blank\" rel=\"noopener noreferrer\">CONTACTAR AMB NOSALTRES<\/a><\/h6>\n","protected":false},"featured_media":21045,"template":"","meta":{"_joinchat":[]},"product_brand":[],"product_cat":[36,147,37,1042,953,740,973,263,850,948,1022,739,966,151,39,847,38,654],"product_tag":[],"class_list":{"0":"post-21044","1":"product","2":"type-product","3":"status-publish","4":"has-post-thumbnail","6":"product_cat-alimentacio","7":"product_cat-hostaleria","8":"product_cat-industria","9":"product_cat-maniga-curta-samarretes-hostaleria","10":"product_cat-maniga-curta-12","11":"product_cat-maniga-curta-10","12":"product_cat-maniga-curta-14","13":"product_cat-maniga-curta-6","14":"product_cat-semarretes-serveis-mc","15":"product_cat-samarreta-sanitat","16":"product_cat-samarretes-hostaleria","17":"product_cat-samarretes-alimentacio","18":"product_cat-semarretes-sport","19":"product_cat-samarretes-industria","20":"product_cat-sanitat","21":"product_cat-semarretes-serveis","22":"product_cat-serveis","23":"product_cat-sports-indumentaria-base","24":"tm-has-options","26":"first","27":"instock","28":"taxable","29":"shipping-taxable","30":"purchasable","31":"product-type-simple"},"_links":{"self":[{"href":"https:\/\/uniformelaboral.com\/index.php\/wp-json\/wp\/v2\/product\/21044","targetHints":{"allow":["GET"]}}],"collection":[{"href":"https:\/\/uniformelaboral.com\/index.php\/wp-json\/wp\/v2\/product"}],"about":[{"href":"https:\/\/uniformelaboral.com\/index.php\/wp-json\/wp\/v2\/types\/product"}],"wp:featuredmedia":[{"embeddable":true,"href":"https:\/\/uniformelaboral.com\/index.php\/wp-json\/wp\/v2\/media\/21045"}],"wp:attachment":[{"href":"https:\/\/uniformelaboral.com\/index.php\/wp-json\/wp\/v2\/media?parent=21044"}],"wp:term":[{"taxonomy":"product_brand","embeddable":true,"href":"https:\/\/uniformelaboral.com\/index.php\/wp-json\/wp\/v2\/product_brand?post=21044"},{"taxonomy":"product_cat","embeddable":true,"href":"https:\/\/uniformelaboral.com\/index.php\/wp-json\/wp\/v2\/product_cat?post=21044"},{"taxonomy":"product_tag","embeddable":true,"href":"https:\/\/uniformelaboral.com\/index.php\/wp-json\/wp\/v2\/product_tag?post=21044"}],"curies":[{"name":"wp","href":"https:\/\/api.w.org\/{rel}","templated":true}]}}

<p><img loading="lazy" decoding="async" class=" wp-image-20994 alignleft" src="https://uniformelaboral.com/wp-content/uploads/2023/07/SOLS-logo-avec-baseline-Noir-RVB-300x200.jpg" alt="" width="159" height="106" srcset="https://uniformelaboral.com/wp-content/uploads/2023/07/SOLS-logo-avec-baseline-Noir-RVB-300x200.jpg 300w, https://uniformelaboral.com/wp-content/uploads/2023/07/SOLS-logo-avec-baseline-Noir-RVB-768x513.jpg 768w, https://uniformelaboral.com/wp-content/uploads/2023/07/SOLS-logo-avec-baseline-Noir-RVB-416x278.jpg 416w, https://uniformelaboral.com/wp-content/uploads/2023/07/SOLS-logo-avec-baseline-Noir-RVB.jpg 997w" sizes="auto, (max-width: 159px) 100vw, 159px" />SAMARRETA D&#8217;HOME SOL&#8217;S REGENT<br />
Tapacostures reforçades al coll Coll de punt acanalat amb elastà Màniga curta<br />
Tubular<br />
COMPOSICIÓ<br />
100% cotó semi-pentinat</p>
<h6 style="text-align: left;"><a href="https://www.sologroup-spain.com/es_ES/pdfpublication/pdf/product/sku/11380/store/28/type/template_map/">FITXA TECNICA</a></h6>
<h6 style="text-align: right;"><a href="https://uniformelaboral.com/index.php/contacte/" target="_blank" rel="noopener noreferrer">CONTACTAR AMB NOSALTRES</a></h6>
