{"id":20984,"date":"2023-07-26T19:08:13","date_gmt":"2023-07-26T17:08:13","guid":{"rendered":"https:\/\/uniformelaboral.com\/?post_type=product&#038;p=20984"},"modified":"2023-07-28T11:50:38","modified_gmt":"2023-07-28T09:50:38","slug":"linea-de-vida-temporal-en-795-b-ak3000-78-93e","status":"publish","type":"product","link":"https:\/\/uniformelaboral.com\/index.php\/producto\/linea-de-vida-temporal-en-795-b-ak3000-78-93e\/","title":{"rendered":"LINEA DE VIDA TEMPORAL EN 795-B  AK3000\/ 78.93\u20ac"},"content":{"rendered":"","protected":false},"excerpt":{"rendered":"<p><img loading=\"lazy\" decoding=\"async\" class=\"wp-image-20132 alignleft\" src=\"https:\/\/uniformelaboral.com\/wp-content\/uploads\/2022\/03\/logo-akrobat-300x223.jpg\" alt=\"\" width=\"132\" height=\"98\" srcset=\"https:\/\/uniformelaboral.com\/wp-content\/uploads\/2022\/03\/logo-akrobat-300x223.jpg 300w, https:\/\/uniformelaboral.com\/wp-content\/uploads\/2022\/03\/logo-akrobat.jpg 392w\" sizes=\"auto, (max-width: 132px) 100vw, 132px\" \/><\/p>\n<p>EN 795-B. L\u00ednia de vida temporal de longitud m\u00e0xima de 20 metres, certificat per a l&#8217;\u00fas de la norma EN 795 B per a l&#8217;\u00fas de 2 operaris alhora. Es subministra en una bossa de m\u00e0 amb dos mosquetons de seguretat inclosos i un tensor per a la cinta. Recomanat per a bastides, teulades, etc.<\/p>\n<h6><\/h6>\n<h6><a href=\"https:\/\/www.industrialstarter.com\/additionalmedia\/AK3000\/documents\/es_es\/fichatecnicaak30002020esdocx.pdf\" target=\"_blank\" rel=\"noopener noreferrer\">FITXA TECNICA<\/a><\/h6>\n<h6><a href=\"https:\/\/www.industrialstarter.com\/additionalmedia\/AK3000\/documents_common\/ak3000eudeco.pdf\" target=\"_blank\" rel=\"noopener noreferrer\">DECLARACI\u00d3 DE CONFORMITAT<\/a><\/h6>\n<h6 style=\"text-align: right;\"><a href=\"https:\/\/www.industrialstarter.com\/es_es\/ak3000-linea-de-vida-temporal-ak3000.html\" target=\"_blank\" rel=\"noopener noreferrer\">CONSULTAR CAT\u00c0LEG<\/a><\/h6>\n<h6 style=\"text-align: right;\"><a href=\"https:\/\/uniformelaboral.com\/index.php\/contacte\/\" target=\"_blank\" rel=\"noopener noreferrer\">CONTACTAR AMB NOSALTRES<\/a><\/h6>\n<h6><\/h6>\n<p>&nbsp;<\/p>\n","protected":false},"featured_media":20985,"template":"","meta":{"_joinchat":[]},"product_brand":[],"product_cat":[26,871],"product_tag":[],"class_list":{"0":"post-20984","1":"product","2":"type-product","3":"status-publish","4":"has-post-thumbnail","6":"product_cat-cascs-de-seguretat","7":"product_cat-linies-de-vida","8":"tm-has-options","10":"first","11":"instock","12":"taxable","13":"shipping-taxable","14":"purchasable","15":"product-type-simple"},"_links":{"self":[{"href":"https:\/\/uniformelaboral.com\/index.php\/wp-json\/wp\/v2\/product\/20984","targetHints":{"allow":["GET"]}}],"collection":[{"href":"https:\/\/uniformelaboral.com\/index.php\/wp-json\/wp\/v2\/product"}],"about":[{"href":"https:\/\/uniformelaboral.com\/index.php\/wp-json\/wp\/v2\/types\/product"}],"wp:featuredmedia":[{"embeddable":true,"href":"https:\/\/uniformelaboral.com\/index.php\/wp-json\/wp\/v2\/media\/20985"}],"wp:attachment":[{"href":"https:\/\/uniformelaboral.com\/index.php\/wp-json\/wp\/v2\/media?parent=20984"}],"wp:term":[{"taxonomy":"product_brand","embeddable":true,"href":"https:\/\/uniformelaboral.com\/index.php\/wp-json\/wp\/v2\/product_brand?post=20984"},{"taxonomy":"product_cat","embeddable":true,"href":"https:\/\/uniformelaboral.com\/index.php\/wp-json\/wp\/v2\/product_cat?post=20984"},{"taxonomy":"product_tag","embeddable":true,"href":"https:\/\/uniformelaboral.com\/index.php\/wp-json\/wp\/v2\/product_tag?post=20984"}],"curies":[{"name":"wp","href":"https:\/\/api.w.org\/{rel}","templated":true}]}}

<p><img loading="lazy" decoding="async" class="wp-image-20132 alignleft" src="https://uniformelaboral.com/wp-content/uploads/2022/03/logo-akrobat-300x223.jpg" alt="" width="132" height="98" srcset="https://uniformelaboral.com/wp-content/uploads/2022/03/logo-akrobat-300x223.jpg 300w, https://uniformelaboral.com/wp-content/uploads/2022/03/logo-akrobat.jpg 392w" sizes="auto, (max-width: 132px) 100vw, 132px" /></p>
<p>EN 795-B. Línia de vida temporal de longitud màxima de 20 metres, certificat per a l&#8217;ús de la norma EN 795 B per a l&#8217;ús de 2 operaris alhora. Es subministra en una bossa de mà amb dos mosquetons de seguretat inclosos i un tensor per a la cinta. Recomanat per a bastides, teulades, etc.</p>
<h6></h6>
<h6><a href="https://www.industrialstarter.com/additionalmedia/AK3000/documents/es_es/fichatecnicaak30002020esdocx.pdf" target="_blank" rel="noopener noreferrer">FITXA TECNICA</a></h6>
<h6><a href="https://www.industrialstarter.com/additionalmedia/AK3000/documents_common/ak3000eudeco.pdf" target="_blank" rel="noopener noreferrer">DECLARACIÓ DE CONFORMITAT</a></h6>
<h6 style="text-align: right;"><a href="https://www.industrialstarter.com/es_es/ak3000-linea-de-vida-temporal-ak3000.html" target="_blank" rel="noopener noreferrer">CONSULTAR CATÀLEG</a></h6>
<h6 style="text-align: right;"><a href="https://uniformelaboral.com/index.php/contacte/" target="_blank" rel="noopener noreferrer">CONTACTAR AMB NOSALTRES</a></h6>
<h6></h6>
<p>&nbsp;</p>
