{"id":18424,"date":"2022-04-20T21:18:09","date_gmt":"2022-04-20T19:18:09","guid":{"rendered":"https:\/\/uniformelaboral.com\/?post_type=product&#038;p=18424"},"modified":"2023-03-10T10:56:37","modified_gmt":"2023-03-10T09:56:37","slug":"mitja-mascara-5120-compactmask-ffa1p2-r-d-en-4052001a12009","status":"publish","type":"product","link":"https:\/\/uniformelaboral.com\/index.php\/producto\/mitja-mascara-5120-compactmask-ffa1p2-r-d-en-4052001a12009\/","title":{"rendered":"SEMI MASCARA 5120 COMPACTMASK-FFA1P2 R D -EN 405:2001+A1:2009 \/ 23.7\u20ac"},"content":{"rendered":"","protected":false},"excerpt":{"rendered":"<p><img loading=\"lazy\" decoding=\"async\" class=\" wp-image-20130 alignleft\" src=\"https:\/\/uniformelaboral.com\/wp-content\/uploads\/2022\/04\/LOGO-MOLDEX-1-300x76.png\" alt=\"\" width=\"261\" height=\"66\" srcset=\"https:\/\/uniformelaboral.com\/wp-content\/uploads\/2022\/04\/LOGO-MOLDEX-1-300x76.png 300w, https:\/\/uniformelaboral.com\/wp-content\/uploads\/2022\/04\/LOGO-MOLDEX-1-1024x261.png 1024w, https:\/\/uniformelaboral.com\/wp-content\/uploads\/2022\/04\/LOGO-MOLDEX-1-768x195.png 768w, https:\/\/uniformelaboral.com\/wp-content\/uploads\/2022\/04\/LOGO-MOLDEX-1-1536x391.png 1536w, https:\/\/uniformelaboral.com\/wp-content\/uploads\/2022\/04\/LOGO-MOLDEX-1-416x106.png 416w, https:\/\/uniformelaboral.com\/wp-content\/uploads\/2022\/04\/LOGO-MOLDEX-1.png 1698w\" sizes=\"auto, (max-width: 261px) 100vw, 261px\" \/><\/p>\n<p>Les m\u00e0scares de Media Compactmask estan preparades per utilitzar-les, no requereixen manteniment i s\u00f3n extremadament f\u00e0cils d&#8217;utilitzar. Els filtres de gas i part\u00edcules integrats permeten un disseny ultra compacte, que al seu torn permet un excel\u00b7lent camp de visi\u00f3. La m\u00e0scara compacta tamb\u00e9 \u00e9s adequada per combinar-se amb viseres de protecci\u00f3 i ulleres. Un centre de gravetat equilibrat \u00f2ptim ofereix a l&#8217;usuari un alt grau de confort en utilitzar aquestes m\u00e0scares, mentre que el segell facial dissenyat anat\u00f2mic garanteix un ajustament c\u00f2mode i segur. Gr\u00e0cies a l&#8217;alta flexibilitat de la m\u00e0scara, el disseny \u00e9s de mida \u00fanica i s&#8217;adapta a una \u00e0mplia varietat de formes i mides de cara. CompactMask s&#8217;envia a una bossa d&#8217;emmagatzematge amb segell herm\u00e8tic.<\/p>\n<p>Les m\u00e0scares de m\u00e0scara de m\u00e0scara de mitjans de comunicaci\u00f3 protegeixen de forma segura contra part\u00edcules, gasos i vapors. Estan disponibles en una \u00e0mplia gamma de combinacions de filtres.<\/p>\n<h6><\/h6>\n<p>&nbsp;<\/p>\n<h6><a href=\"https:\/\/www.moldex-europe.com\/fileadmin\/user_upload\/files\/data-sheets\/ES\/TDS_GAS_CompactMask_ES_Rev04-19.pdf\" target=\"_blank\" rel=\"noopener noreferrer\">ESPECIFICACIONS T\u00c9CNIQUES<\/a><\/h6>\n<h6><\/h6>\n<p>&nbsp;<\/p>\n<h6><a href=\"https:\/\/www.moldex-europe.com\/fileadmin\/user_upload\/files\/fitting-instructions\/fitting-poster-gas-cm-a3-rev06-19.pdf\" target=\"_blank\" rel=\"noopener noreferrer\">INSTRUCCIONS D&#8217;\u00daS<\/a><\/h6>\n<h6 style=\"text-align: right;\"><\/h6>\n<h6 style=\"text-align: right;\"><a href=\"https:\/\/uniformelaboral.com\/index.php\/contacte\/\" target=\"_blank\" rel=\"noopener noreferrer\">CONTACTAR AMB NOSALTRES<\/a><\/h6>\n<h6><\/h6>\n<p>&nbsp;<\/p>\n","protected":false},"featured_media":20128,"template":"","meta":{"_joinchat":[]},"product_brand":[],"product_cat":[26,32,127],"product_tag":[],"class_list":{"0":"post-18424","1":"product","2":"type-product","3":"status-publish","4":"has-post-thumbnail","6":"product_cat-cascs-de-seguretat","7":"product_cat-mascaretes","8":"product_cat-semimascara","9":"tm-has-options","11":"first","12":"instock","13":"taxable","14":"shipping-taxable","15":"purchasable","16":"product-type-simple"},"_links":{"self":[{"href":"https:\/\/uniformelaboral.com\/index.php\/wp-json\/wp\/v2\/product\/18424","targetHints":{"allow":["GET"]}}],"collection":[{"href":"https:\/\/uniformelaboral.com\/index.php\/wp-json\/wp\/v2\/product"}],"about":[{"href":"https:\/\/uniformelaboral.com\/index.php\/wp-json\/wp\/v2\/types\/product"}],"wp:featuredmedia":[{"embeddable":true,"href":"https:\/\/uniformelaboral.com\/index.php\/wp-json\/wp\/v2\/media\/20128"}],"wp:attachment":[{"href":"https:\/\/uniformelaboral.com\/index.php\/wp-json\/wp\/v2\/media?parent=18424"}],"wp:term":[{"taxonomy":"product_brand","embeddable":true,"href":"https:\/\/uniformelaboral.com\/index.php\/wp-json\/wp\/v2\/product_brand?post=18424"},{"taxonomy":"product_cat","embeddable":true,"href":"https:\/\/uniformelaboral.com\/index.php\/wp-json\/wp\/v2\/product_cat?post=18424"},{"taxonomy":"product_tag","embeddable":true,"href":"https:\/\/uniformelaboral.com\/index.php\/wp-json\/wp\/v2\/product_tag?post=18424"}],"curies":[{"name":"wp","href":"https:\/\/api.w.org\/{rel}","templated":true}]}}

<p><img loading="lazy" decoding="async" class=" wp-image-20130 alignleft" src="https://uniformelaboral.com/wp-content/uploads/2022/04/LOGO-MOLDEX-1-300x76.png" alt="" width="261" height="66" srcset="https://uniformelaboral.com/wp-content/uploads/2022/04/LOGO-MOLDEX-1-300x76.png 300w, https://uniformelaboral.com/wp-content/uploads/2022/04/LOGO-MOLDEX-1-1024x261.png 1024w, https://uniformelaboral.com/wp-content/uploads/2022/04/LOGO-MOLDEX-1-768x195.png 768w, https://uniformelaboral.com/wp-content/uploads/2022/04/LOGO-MOLDEX-1-1536x391.png 1536w, https://uniformelaboral.com/wp-content/uploads/2022/04/LOGO-MOLDEX-1-416x106.png 416w, https://uniformelaboral.com/wp-content/uploads/2022/04/LOGO-MOLDEX-1.png 1698w" sizes="auto, (max-width: 261px) 100vw, 261px" /></p>
<p>Les màscares de Media Compactmask estan preparades per utilitzar-les, no requereixen manteniment i són extremadament fàcils d&#8217;utilitzar. Els filtres de gas i partícules integrats permeten un disseny ultra compacte, que al seu torn permet un excel·lent camp de visió. La màscara compacta també és adequada per combinar-se amb viseres de protecció i ulleres. Un centre de gravetat equilibrat òptim ofereix a l&#8217;usuari un alt grau de confort en utilitzar aquestes màscares, mentre que el segell facial dissenyat anatòmic garanteix un ajustament còmode i segur. Gràcies a l&#8217;alta flexibilitat de la màscara, el disseny és de mida única i s&#8217;adapta a una àmplia varietat de formes i mides de cara. CompactMask s&#8217;envia a una bossa d&#8217;emmagatzematge amb segell hermètic.</p>
<p>Les màscares de màscara de màscara de mitjans de comunicació protegeixen de forma segura contra partícules, gasos i vapors. Estan disponibles en una àmplia gamma de combinacions de filtres.</p>
<h6></h6>
<p>&nbsp;</p>
<h6><a href="https://www.moldex-europe.com/fileadmin/user_upload/files/data-sheets/ES/TDS_GAS_CompactMask_ES_Rev04-19.pdf" target="_blank" rel="noopener noreferrer">ESPECIFICACIONS TÉCNIQUES</a></h6>
<h6></h6>
<p>&nbsp;</p>
<h6><a href="https://www.moldex-europe.com/fileadmin/user_upload/files/fitting-instructions/fitting-poster-gas-cm-a3-rev06-19.pdf" target="_blank" rel="noopener noreferrer">INSTRUCCIONS D&#8217;ÚS</a></h6>
<h6 style="text-align: right;"></h6>
<h6 style="text-align: right;"><a href="https://uniformelaboral.com/index.php/contacte/" target="_blank" rel="noopener noreferrer">CONTACTAR AMB NOSALTRES</a></h6>
<h6></h6>
<p>&nbsp;</p>
