{"id":18409,"date":"2022-03-25T19:19:37","date_gmt":"2022-03-25T18:19:37","guid":{"rendered":"https:\/\/uniformelaboral.com\/?post_type=product&#038;p=18409"},"modified":"2023-03-10T12:29:24","modified_gmt":"2023-03-10T11:29:24","slug":"ak-30-arnes-en-361-akrobat-plus-anclatge-dorsal-i-frontal","status":"publish","type":"product","link":"https:\/\/uniformelaboral.com\/index.php\/producto\/ak-30-arnes-en-361-akrobat-plus-anclatge-dorsal-i-frontal\/","title":{"rendered":"AK 30 ARN\u00c9S EN 361 AKROBAT PLUS ANCLATGE DORSAL I FRONTAL \/ 53.83\u20ac"},"content":{"rendered":"","protected":false},"excerpt":{"rendered":"<p><img loading=\"lazy\" decoding=\"async\" class=\" wp-image-20132 alignleft\" src=\"https:\/\/uniformelaboral.com\/wp-content\/uploads\/2022\/03\/logo-akrobat-300x223.jpg\" alt=\"\" width=\"123\" height=\"91\" srcset=\"https:\/\/uniformelaboral.com\/wp-content\/uploads\/2022\/03\/logo-akrobat-300x223.jpg 300w, https:\/\/uniformelaboral.com\/wp-content\/uploads\/2022\/03\/logo-akrobat.jpg 392w\" sizes=\"auto, (max-width: 123px) 100vw, 123px\" \/><\/p>\n<p>Punts d&#8217;ancoratges: dorsal i frontal. Accessoris: doble anella de regulaci\u00f3 per a l&#8217;ajust de la talla, porta tel\u00e8fon, cinta d&#8217;uni\u00f3 de les cuixes, enganxi frontal amb mosquet\u00f3 i dorsal amb perllongador, envasat a blister.<\/p>\n<p>&nbsp;<\/p>\n<h6><a href=\"https:\/\/www.industrialstarter.com\/additionalmedia\/AK30\/documents\/es_es\/fichatecnicaak302020esdocx.pdf\" target=\"_blank\" rel=\"noopener noreferrer\">FITXA TECNICA<\/a><\/h6>\n<h6 style=\"text-align: right;\"><a href=\"https:\/\/www.industrialstarter.com\/es_es\/ak30-arnes-akrobat-plus-anclaje-dorsal-y-frontal-ak30.html\" target=\"_blank\" rel=\"noopener noreferrer\">CONSULTAR CAT\u00c0LEG<\/a><\/h6>\n<h6 style=\"text-align: right;\"><a href=\"https:\/\/uniformelaboral.com\/index.php\/contacte\/\" target=\"_blank\" rel=\"noopener noreferrer\">CONTACTAR AMB NOSALTRES<\/a><\/h6>\n<h6><\/h6>\n<p>&nbsp;<\/p>\n","protected":false},"featured_media":20131,"template":"","meta":{"_joinchat":[]},"product_brand":[],"product_cat":[26,871],"product_tag":[],"class_list":{"0":"post-18409","1":"product","2":"type-product","3":"status-publish","4":"has-post-thumbnail","6":"product_cat-cascs-de-seguretat","7":"product_cat-linies-de-vida","8":"tm-has-options","10":"first","11":"instock","12":"taxable","13":"shipping-taxable","14":"purchasable","15":"product-type-simple"},"_links":{"self":[{"href":"https:\/\/uniformelaboral.com\/index.php\/wp-json\/wp\/v2\/product\/18409","targetHints":{"allow":["GET"]}}],"collection":[{"href":"https:\/\/uniformelaboral.com\/index.php\/wp-json\/wp\/v2\/product"}],"about":[{"href":"https:\/\/uniformelaboral.com\/index.php\/wp-json\/wp\/v2\/types\/product"}],"wp:featuredmedia":[{"embeddable":true,"href":"https:\/\/uniformelaboral.com\/index.php\/wp-json\/wp\/v2\/media\/20131"}],"wp:attachment":[{"href":"https:\/\/uniformelaboral.com\/index.php\/wp-json\/wp\/v2\/media?parent=18409"}],"wp:term":[{"taxonomy":"product_brand","embeddable":true,"href":"https:\/\/uniformelaboral.com\/index.php\/wp-json\/wp\/v2\/product_brand?post=18409"},{"taxonomy":"product_cat","embeddable":true,"href":"https:\/\/uniformelaboral.com\/index.php\/wp-json\/wp\/v2\/product_cat?post=18409"},{"taxonomy":"product_tag","embeddable":true,"href":"https:\/\/uniformelaboral.com\/index.php\/wp-json\/wp\/v2\/product_tag?post=18409"}],"curies":[{"name":"wp","href":"https:\/\/api.w.org\/{rel}","templated":true}]}}

AK 30 ARNÉS EN 361 AKROBAT PLUS ANCLATGE DORSAL I FRONTAL / 53.83€

<p><img loading="lazy" decoding="async" class=" wp-image-20132 alignleft" src="https://uniformelaboral.com/wp-content/uploads/2022/03/logo-akrobat-300x223.jpg" alt="" width="123" height="91" srcset="https://uniformelaboral.com/wp-content/uploads/2022/03/logo-akrobat-300x223.jpg 300w, https://uniformelaboral.com/wp-content/uploads/2022/03/logo-akrobat.jpg 392w" sizes="auto, (max-width: 123px) 100vw, 123px" /></p>
<p>Punts d&#8217;ancoratges: dorsal i frontal. Accessoris: doble anella de regulació per a l&#8217;ajust de la talla, porta telèfon, cinta d&#8217;unió de les cuixes, enganxi frontal amb mosquetó i dorsal amb perllongador, envasat a blister.</p>
<p>&nbsp;</p>
<h6><a href="https://www.industrialstarter.com/additionalmedia/AK30/documents/es_es/fichatecnicaak302020esdocx.pdf" target="_blank" rel="noopener noreferrer">FITXA TECNICA</a></h6>
<h6 style="text-align: right;"><a href="https://www.industrialstarter.com/es_es/ak30-arnes-akrobat-plus-anclaje-dorsal-y-frontal-ak30.html" target="_blank" rel="noopener noreferrer">CONSULTAR CATÀLEG</a></h6>
<h6 style="text-align: right;"><a href="https://uniformelaboral.com/index.php/contacte/" target="_blank" rel="noopener noreferrer">CONTACTAR AMB NOSALTRES</a></h6>
<h6></h6>
<p>&nbsp;</p>
