{"id":18353,"date":"2022-03-24T19:04:42","date_gmt":"2022-03-24T18:04:42","guid":{"rendered":"https:\/\/uniformelaboral.com\/?post_type=product&#038;p=18353"},"modified":"2024-09-02T17:58:02","modified_gmt":"2024-09-02T15:58:02","slug":"buzo-08292-issa-chem-plus-cat-iii-tipo-4-5-6-reg-eu-2016-425","status":"publish","type":"product","link":"https:\/\/uniformelaboral.com\/index.php\/producto\/buzo-08292-issa-chem-plus-cat-iii-tipo-4-5-6-reg-eu-2016-425\/","title":{"rendered":"BUZO 08292 ISSA CHEM PLUS CAT. III Tipo 4, 5, 6 &#8211; Reg. EU 2016\/425 \/ 7.46\u20ac"},"content":{"rendered":"","protected":false},"excerpt":{"rendered":"<p><img loading=\"lazy\" decoding=\"async\" class=\"wp-image-18402 alignleft\" src=\"https:\/\/uniformelaboral.com\/wp-content\/uploads\/2022\/03\/ICONO-LOGO-ISSALINE-1-300x124.jpg\" alt=\"\" width=\"160\" height=\"66\" srcset=\"https:\/\/uniformelaboral.com\/wp-content\/uploads\/2022\/03\/ICONO-LOGO-ISSALINE-1-300x124.jpg 300w, https:\/\/uniformelaboral.com\/wp-content\/uploads\/2022\/03\/ICONO-LOGO-ISSALINE-1-416x172.jpg 416w, https:\/\/uniformelaboral.com\/wp-content\/uploads\/2022\/03\/ICONO-LOGO-ISSALINE-1-700x289.jpg 700w, https:\/\/uniformelaboral.com\/wp-content\/uploads\/2022\/03\/ICONO-LOGO-ISSALINE-1.jpg 708w\" sizes=\"auto, (max-width: 160px) 100vw, 160px\" \/><\/p>\n<p>Granota de sol \u00fas de categoria III, amb cremallera coberta de solapa adhesiva per a m\u00e9s protecci\u00f3 contra pols t\u00f2xica. Compte amb punys el\u00e0stics i caputxa per a un millor a\u00efllament de l&#8217;entorn. Cremalleres segellades per oferir una millor protecci\u00f3 a les part\u00cdcules t\u00f2xiques i min\u00fascules (exemple amiant) i als productes qu\u00edmics nebulosos. Composici\u00f3: film micropor\u00f3s polipropil\u00e8 i polietil\u00e8 65 g\/m2.<\/p>\n<p><img loading=\"lazy\" decoding=\"async\" class=\" wp-image-20135 aligncenter\" src=\"https:\/\/uniformelaboral.com\/wp-content\/uploads\/2022\/03\/ICONO-LOGO-ESTARTER-300x124.jpg\" alt=\"\" width=\"155\" height=\"64\" srcset=\"https:\/\/uniformelaboral.com\/wp-content\/uploads\/2022\/03\/ICONO-LOGO-ESTARTER-300x124.jpg 300w, https:\/\/uniformelaboral.com\/wp-content\/uploads\/2022\/03\/ICONO-LOGO-ESTARTER-768x317.jpg 768w, https:\/\/uniformelaboral.com\/wp-content\/uploads\/2022\/03\/ICONO-LOGO-ESTARTER-416x171.jpg 416w, https:\/\/uniformelaboral.com\/wp-content\/uploads\/2022\/03\/ICONO-LOGO-ESTARTER.jpg 1014w\" sizes=\"auto, (max-width: 155px) 100vw, 155px\" \/><\/p>\n<h6><a href=\"https:\/\/www.industrialstarter.com\/additionalmedia\/08292\/documents\/es_es\/fichatecnica082922020es.pdf\" target=\"_blank\" rel=\"noopener noreferrer\">FITXA TECNICA<\/a><\/h6>\n<h6><a href=\"https:\/\/www.industrialstarter.com\/additionalmedia\/08292\/documents_common\/08292eudeco.pdf\" target=\"_blank\" rel=\"noopener noreferrer\">DECLARACI\u00d3 DE CONFORMITAT<\/a><\/h6>\n<h6 style=\"text-align: right;\"><a href=\"https:\/\/www.industrialstarter.com\/es_es\/08292-issa-chem-plus-08292.html\" target=\"_blank\" rel=\"noopener noreferrer\">CONSULTAR CAT\u00c0LEG<\/a><\/h6>\n<h6 style=\"text-align: right;\"><a href=\"https:\/\/uniformelaboral.com\/index.php\/contacte\/\" target=\"_blank\" rel=\"noopener noreferrer\">CONTACTAR AMB NOSALTRES<\/a><\/h6>\n<h6><\/h6>\n<p>&nbsp;<\/p>\n","protected":false},"featured_media":21954,"template":"","meta":{"_joinchat":[]},"product_brand":[],"product_cat":[26,31,32,120,124],"product_tag":[],"class_list":{"0":"post-18353","1":"product","2":"type-product","3":"status-publish","4":"has-post-thumbnail","6":"product_cat-cascs-de-seguretat","7":"product_cat-guants","8":"product_cat-mascaretes","9":"product_cat-un-sol-us","10":"product_cat-un-sol-us-2","11":"tm-has-options","13":"first","14":"instock","15":"taxable","16":"shipping-taxable","17":"purchasable","18":"product-type-simple"},"_links":{"self":[{"href":"https:\/\/uniformelaboral.com\/index.php\/wp-json\/wp\/v2\/product\/18353","targetHints":{"allow":["GET"]}}],"collection":[{"href":"https:\/\/uniformelaboral.com\/index.php\/wp-json\/wp\/v2\/product"}],"about":[{"href":"https:\/\/uniformelaboral.com\/index.php\/wp-json\/wp\/v2\/types\/product"}],"wp:featuredmedia":[{"embeddable":true,"href":"https:\/\/uniformelaboral.com\/index.php\/wp-json\/wp\/v2\/media\/21954"}],"wp:attachment":[{"href":"https:\/\/uniformelaboral.com\/index.php\/wp-json\/wp\/v2\/media?parent=18353"}],"wp:term":[{"taxonomy":"product_brand","embeddable":true,"href":"https:\/\/uniformelaboral.com\/index.php\/wp-json\/wp\/v2\/product_brand?post=18353"},{"taxonomy":"product_cat","embeddable":true,"href":"https:\/\/uniformelaboral.com\/index.php\/wp-json\/wp\/v2\/product_cat?post=18353"},{"taxonomy":"product_tag","embeddable":true,"href":"https:\/\/uniformelaboral.com\/index.php\/wp-json\/wp\/v2\/product_tag?post=18353"}],"curies":[{"name":"wp","href":"https:\/\/api.w.org\/{rel}","templated":true}]}}

<p><img loading="lazy" decoding="async" class="wp-image-18402 alignleft" src="https://uniformelaboral.com/wp-content/uploads/2022/03/ICONO-LOGO-ISSALINE-1-300x124.jpg" alt="" width="160" height="66" srcset="https://uniformelaboral.com/wp-content/uploads/2022/03/ICONO-LOGO-ISSALINE-1-300x124.jpg 300w, https://uniformelaboral.com/wp-content/uploads/2022/03/ICONO-LOGO-ISSALINE-1-416x172.jpg 416w, https://uniformelaboral.com/wp-content/uploads/2022/03/ICONO-LOGO-ISSALINE-1-700x289.jpg 700w, https://uniformelaboral.com/wp-content/uploads/2022/03/ICONO-LOGO-ISSALINE-1.jpg 708w" sizes="auto, (max-width: 160px) 100vw, 160px" /></p>
<p>Granota de sol ús de categoria III, amb cremallera coberta de solapa adhesiva per a més protecció contra pols tòxica. Compte amb punys elàstics i caputxa per a un millor aïllament de l&#8217;entorn. Cremalleres segellades per oferir una millor protecció a les partÍcules tòxiques i minúscules (exemple amiant) i als productes químics nebulosos. Composició: film microporós polipropilè i polietilè 65 g/m2.</p>
<p><img loading="lazy" decoding="async" class=" wp-image-20135 aligncenter" src="https://uniformelaboral.com/wp-content/uploads/2022/03/ICONO-LOGO-ESTARTER-300x124.jpg" alt="" width="155" height="64" srcset="https://uniformelaboral.com/wp-content/uploads/2022/03/ICONO-LOGO-ESTARTER-300x124.jpg 300w, https://uniformelaboral.com/wp-content/uploads/2022/03/ICONO-LOGO-ESTARTER-768x317.jpg 768w, https://uniformelaboral.com/wp-content/uploads/2022/03/ICONO-LOGO-ESTARTER-416x171.jpg 416w, https://uniformelaboral.com/wp-content/uploads/2022/03/ICONO-LOGO-ESTARTER.jpg 1014w" sizes="auto, (max-width: 155px) 100vw, 155px" /></p>
<h6><a href="https://www.industrialstarter.com/additionalmedia/08292/documents/es_es/fichatecnica082922020es.pdf" target="_blank" rel="noopener noreferrer">FITXA TECNICA</a></h6>
<h6><a href="https://www.industrialstarter.com/additionalmedia/08292/documents_common/08292eudeco.pdf" target="_blank" rel="noopener noreferrer">DECLARACIÓ DE CONFORMITAT</a></h6>
<h6 style="text-align: right;"><a href="https://www.industrialstarter.com/es_es/08292-issa-chem-plus-08292.html" target="_blank" rel="noopener noreferrer">CONSULTAR CATÀLEG</a></h6>
<h6 style="text-align: right;"><a href="https://uniformelaboral.com/index.php/contacte/" target="_blank" rel="noopener noreferrer">CONTACTAR AMB NOSALTRES</a></h6>
<h6></h6>
<p>&nbsp;</p>
