{"id":18152,"date":"2022-03-01T19:52:08","date_gmt":"2022-03-01T18:52:08","guid":{"rendered":"https:\/\/uniformelaboral.com\/?post_type=product&#038;p=18152"},"modified":"2024-09-02T11:24:00","modified_gmt":"2024-09-02T09:24:00","slug":"guants-05gma-malla-metalica-acer-inox-en1082","status":"publish","type":"product","link":"https:\/\/uniformelaboral.com\/index.php\/producto\/guants-05gma-malla-metalica-acer-inox-en1082\/","title":{"rendered":"GUANTS 05PVC MALLA MET\u00c0LICA ACER INOX EN1082 \/ 67\u20ac"},"content":{"rendered":"","protected":false},"excerpt":{"rendered":"<p><img loading=\"lazy\" decoding=\"async\" class=\" wp-image-20171 alignleft\" src=\"https:\/\/uniformelaboral.com\/wp-content\/uploads\/2022\/03\/TOMAS-BODERO-300x191.jpg\" alt=\"\" width=\"119\" height=\"76\" srcset=\"https:\/\/uniformelaboral.com\/wp-content\/uploads\/2022\/03\/TOMAS-BODERO-300x191.jpg 300w, https:\/\/uniformelaboral.com\/wp-content\/uploads\/2022\/03\/TOMAS-BODERO-1024x650.jpg 1024w, https:\/\/uniformelaboral.com\/wp-content\/uploads\/2022\/03\/TOMAS-BODERO-768x488.jpg 768w, https:\/\/uniformelaboral.com\/wp-content\/uploads\/2022\/03\/TOMAS-BODERO-416x264.jpg 416w, https:\/\/uniformelaboral.com\/wp-content\/uploads\/2022\/03\/TOMAS-BODERO.jpg 1176w\" sizes=\"auto, (max-width: 119px) 100vw, 119px\" \/>\u2022 Guant malla met\u00e0l\u00b7lica acer inoxidable. \u2022 Ambidestre. \u2022 Ajust PVC. \u2022 Sivella met\u00e0l\u00b7lica amb clic de tancament. \u2022 Incl\u00f2s tensor de guant PVC.<\/p>\n<p>&nbsp;<\/p>\n<p>\u00daS: Ind\u00fastria aliment\u00e0ria, Ind\u00fastria c\u00e0rnia, Escorxadors<\/p>\n<p><img loading=\"lazy\" decoding=\"async\" class=\" wp-image-20172 aligncenter\" src=\"https:\/\/uniformelaboral.com\/wp-content\/uploads\/2022\/03\/05GAM.jpg\" alt=\"\" width=\"134\" height=\"63\" \/><\/p>\n<h6><a href=\"https:\/\/tbgroupsafety.com\/es\/flat101_catalog\/pdf?attr=ftecnica&amp;pdf=05PVC_INFO.PDF\" target=\"_blank\" rel=\"noopener noreferrer\">FITXA TECNICA<\/a><\/h6>\n<h6><a href=\"https:\/\/tbgroupsafety.com\/es\/flat101_catalog\/pdf?attr=dconformidad&amp;pdf=05PVC_DC.PDF\" target=\"_blank\" rel=\"noopener noreferrer\">DECLARACI\u00d3 DE CONFORMITAT<\/a><\/h6>\n<h6 style=\"text-align: right;\"><a href=\"https:\/\/tomasbodero.com\/es\/guantes-tomas-bodero\/guantes-manipulacion-alimentos\/05gma.html?search_query=05GMA&amp;results=1\" target=\"_blank\" rel=\"noopener noreferrer\">CONSULTAR CAT\u00c0LEG<\/a><\/h6>\n<h6 style=\"text-align: right;\"><a href=\"https:\/\/uniformelaboral.com\/index.php\/contacte\/\" target=\"_blank\" rel=\"noopener noreferrer\">CONTACTAR AMB NOSALTRES<\/a><\/h6>\n<h6><\/h6>\n<p>&nbsp;<\/p>\n","protected":false},"featured_media":21936,"template":"","meta":{"_joinchat":[]},"product_brand":[],"product_cat":[31,1019],"product_tag":[],"class_list":{"0":"post-18152","1":"product","2":"type-product","3":"status-publish","4":"has-post-thumbnail","6":"product_cat-guants","7":"product_cat-inox","8":"tm-has-options","10":"first","11":"instock","12":"taxable","13":"shipping-taxable","14":"purchasable","15":"product-type-simple"},"_links":{"self":[{"href":"https:\/\/uniformelaboral.com\/index.php\/wp-json\/wp\/v2\/product\/18152","targetHints":{"allow":["GET"]}}],"collection":[{"href":"https:\/\/uniformelaboral.com\/index.php\/wp-json\/wp\/v2\/product"}],"about":[{"href":"https:\/\/uniformelaboral.com\/index.php\/wp-json\/wp\/v2\/types\/product"}],"wp:featuredmedia":[{"embeddable":true,"href":"https:\/\/uniformelaboral.com\/index.php\/wp-json\/wp\/v2\/media\/21936"}],"wp:attachment":[{"href":"https:\/\/uniformelaboral.com\/index.php\/wp-json\/wp\/v2\/media?parent=18152"}],"wp:term":[{"taxonomy":"product_brand","embeddable":true,"href":"https:\/\/uniformelaboral.com\/index.php\/wp-json\/wp\/v2\/product_brand?post=18152"},{"taxonomy":"product_cat","embeddable":true,"href":"https:\/\/uniformelaboral.com\/index.php\/wp-json\/wp\/v2\/product_cat?post=18152"},{"taxonomy":"product_tag","embeddable":true,"href":"https:\/\/uniformelaboral.com\/index.php\/wp-json\/wp\/v2\/product_tag?post=18152"}],"curies":[{"name":"wp","href":"https:\/\/api.w.org\/{rel}","templated":true}]}}