{"id":18129,"date":"2022-02-28T23:42:51","date_gmt":"2022-02-28T22:42:51","guid":{"rendered":"https:\/\/uniformelaboral.com\/?post_type=product&#038;p=18129"},"modified":"2023-03-22T19:37:02","modified_gmt":"2023-03-22T18:37:02","slug":"sabata-kyros-top-gris-fal-ipr30g-s3srcci-en-iso-20345","status":"publish","type":"product","link":"https:\/\/uniformelaboral.com\/index.php\/producto\/sabata-kyros-top-gris-fal-ipr30g-s3srcci-en-iso-20345\/","title":{"rendered":"SABATA KYROS TOP GRIS \/ 46.25\u20ac"},"content":{"rendered":"","protected":false},"excerpt":{"rendered":"<p><img loading=\"lazy\" decoding=\"async\" class=\" wp-image-20159 alignleft\" src=\"https:\/\/uniformelaboral.com\/wp-content\/uploads\/2022\/03\/FAL-LOGO-300x300.jpg\" alt=\"\" width=\"122\" height=\"122\" srcset=\"https:\/\/uniformelaboral.com\/wp-content\/uploads\/2022\/03\/FAL-LOGO.jpg 300w, https:\/\/uniformelaboral.com\/wp-content\/uploads\/2022\/03\/FAL-LOGO-150x150.jpg 150w, https:\/\/uniformelaboral.com\/wp-content\/uploads\/2022\/03\/FAL-LOGO-100x100.jpg 100w\" sizes=\"auto, (max-width: 122px) 100vw, 122px\" \/>FAL IPR30G S3+SRC+CI EN-ISO 20345<\/p>\n<p>Descripci\u00f3: Sabata t\u00e8xtil hidrofugat tipus seny i serratge. Puntera no met\u00e0l\u00b7lica Vincap. Plantilla antiperforaci\u00f3 t\u00e8xtil. Sola de poliuret\u00e0 bidensitat amb nivell de lliscament SRC. Tall: Teixit Cordura + Serratge. Tots dos hidrofugats. Folre: Teixit Coolmax, gran transpirabilitat i resist\u00e8ncia a l&#8217;abrasi\u00f3. Encoixinat. Plantilla extra\u00efble: Anat\u00f2micament preformada, amb tractament antibacteri\u00e0. Permet el rentat a 30 \u00ba i \u00e9s resistent a l&#8217;abrasi\u00f3.<br \/>\nSola: Doble densitat de poliuret\u00e0 amb relleus antilliscament.<br \/>\nPuntera de protecci\u00f3: Composite (Lleugera, no magn\u00e8tica, a\u00efllant t\u00e8rmic, recupera la seva forma despr\u00e9s de l&#8217;impacte establert a la normativa). Plantilla de protecci\u00f3: Plantilla antiperforaci\u00f3 no met\u00e0l\u00b7lica (Poli\u00e8ster de Gran Tenacitat). Sistema de tancament: Cordons<\/p>\n<p><img loading=\"lazy\" decoding=\"async\" class=\" wp-image-20202 aligncenter\" src=\"https:\/\/uniformelaboral.com\/wp-content\/uploads\/2022\/02\/FAL-LOGOS-VARIS-1-300x85.jpg\" alt=\"\" width=\"215\" height=\"61\" srcset=\"https:\/\/uniformelaboral.com\/wp-content\/uploads\/2022\/02\/FAL-LOGOS-VARIS-1-300x85.jpg 300w, https:\/\/uniformelaboral.com\/wp-content\/uploads\/2022\/02\/FAL-LOGOS-VARIS-1-1024x291.jpg 1024w, https:\/\/uniformelaboral.com\/wp-content\/uploads\/2022\/02\/FAL-LOGOS-VARIS-1-768x218.jpg 768w, https:\/\/uniformelaboral.com\/wp-content\/uploads\/2022\/02\/FAL-LOGOS-VARIS-1-1536x436.jpg 1536w, https:\/\/uniformelaboral.com\/wp-content\/uploads\/2022\/02\/FAL-LOGOS-VARIS-1-416x118.jpg 416w, https:\/\/uniformelaboral.com\/wp-content\/uploads\/2022\/02\/FAL-LOGOS-VARIS-1.jpg 1642w\" sizes=\"auto, (max-width: 215px) 100vw, 215px\" \/><\/p>\n<h5><a href=\"https:\/\/www.falseguridad.es\/images\/fichas\/IPR30G.pdf\" target=\"_blank\" rel=\"noopener noreferrer\">FITXA T\u00c9CNICA<\/a><\/h5>\n<h6><\/h6>\n<h6 style=\"text-align: right;\"><a href=\"https:\/\/www.falseguridad.es\/industrial-plus-range\/ipr30g\" target=\"_blank\" rel=\"noopener noreferrer\">CONSULTAR CAT\u00c1LEG<\/a><\/h6>\n<h6 style=\"text-align: right;\">F<a href=\"https:\/\/uniformelaboral.com\/index.php\/contacte\/\" target=\"_blank\" rel=\"noopener noreferrer\">CONTACTAR AMB NOSALTRES<\/a><\/h6>\n","protected":false},"featured_media":20203,"template":"","meta":{"_joinchat":[]},"product_brand":[],"product_cat":[33,129,801,37,838,806,810,38],"product_tag":[],"class_list":{"0":"post-18129","1":"product","2":"type-product","3":"status-publish","4":"has-post-thumbnail","6":"product_cat-sabates-seguretat","7":"product_cat-calcats-serveis","8":"product_cat-calcats2-industria","9":"product_cat-industria","10":"product_cat-sabates-serveis","11":"product_cat-sabates","12":"product_cat-sabates2-industria","13":"product_cat-serveis","14":"tm-has-options","16":"first","17":"instock","18":"taxable","19":"shipping-taxable","20":"purchasable","21":"product-type-simple"},"_links":{"self":[{"href":"https:\/\/uniformelaboral.com\/index.php\/wp-json\/wp\/v2\/product\/18129","targetHints":{"allow":["GET"]}}],"collection":[{"href":"https:\/\/uniformelaboral.com\/index.php\/wp-json\/wp\/v2\/product"}],"about":[{"href":"https:\/\/uniformelaboral.com\/index.php\/wp-json\/wp\/v2\/types\/product"}],"wp:featuredmedia":[{"embeddable":true,"href":"https:\/\/uniformelaboral.com\/index.php\/wp-json\/wp\/v2\/media\/20203"}],"wp:attachment":[{"href":"https:\/\/uniformelaboral.com\/index.php\/wp-json\/wp\/v2\/media?parent=18129"}],"wp:term":[{"taxonomy":"product_brand","embeddable":true,"href":"https:\/\/uniformelaboral.com\/index.php\/wp-json\/wp\/v2\/product_brand?post=18129"},{"taxonomy":"product_cat","embeddable":true,"href":"https:\/\/uniformelaboral.com\/index.php\/wp-json\/wp\/v2\/product_cat?post=18129"},{"taxonomy":"product_tag","embeddable":true,"href":"https:\/\/uniformelaboral.com\/index.php\/wp-json\/wp\/v2\/product_tag?post=18129"}],"curies":[{"name":"wp","href":"https:\/\/api.w.org\/{rel}","templated":true}]}}