{"id":18025,"date":"2022-02-04T11:59:14","date_gmt":"2022-02-04T10:59:14","guid":{"rendered":"https:\/\/uniformelaboral.com\/?post_type=product&#038;p=18025"},"modified":"2023-03-23T11:29:41","modified_gmt":"2023-03-23T10:29:41","slug":"casco-falkner-proteccio-en397","status":"publish","type":"product","link":"https:\/\/uniformelaboral.com\/index.php\/producto\/casco-falkner-proteccio-en397\/","title":{"rendered":"CASC FALKNER AK9050N PROTECCI\u00d3 EN397 \/ 43\u20ac"},"content":{"rendered":"","protected":false},"excerpt":{"rendered":"<p><img loading=\"lazy\" decoding=\"async\" class=\" wp-image-20132 alignleft\" src=\"https:\/\/uniformelaboral.com\/wp-content\/uploads\/2022\/03\/logo-akrobat-300x223.jpg\" alt=\"\" width=\"130\" height=\"97\" srcset=\"https:\/\/uniformelaboral.com\/wp-content\/uploads\/2022\/03\/logo-akrobat-300x223.jpg 300w, https:\/\/uniformelaboral.com\/wp-content\/uploads\/2022\/03\/logo-akrobat.jpg 392w\" sizes=\"auto, (max-width: 130px) 100vw, 130px\" \/><\/p>\n<p>Casc per a treball en al\u00e7ada amb casquet en ABS i petxina interna en poliestir\u00e8 per absorbir impactes. Talla \u00fanica regulable per cremallera, dotat d&#8217;orificis de ventilaci\u00f3 frontal. Colors: blanc.<\/p>\n<p>(Groc, blau, vermell, taronja) SOBRE COMANDA<\/p>\n<p>&nbsp;<\/p>\n<p>&nbsp;<\/p>\n<p>&nbsp;<\/p>\n<h6><a href=\"https:\/\/www.industrialstarter.com\/additionalmedia\/AK9050N\/documents\/es_es\/fichatecnicaak9050n2020es.pdf\" target=\"_blank\" rel=\"noopener noreferrer\">FITXA TECNICA<\/a><\/h6>\n<h6><a href=\"https:\/\/www.industrialstarter.com\/additionalmedia\/AK9050N\/documents_common\/ak9050neudeco.pdf\" target=\"_blank\" rel=\"noopener noreferrer\">DECLARACI\u00d3 DE CONFORMITAT<\/a><\/h6>\n<h6 style=\"text-align: right;\"><a href=\"https:\/\/www.industrialstarter.com\/es_es\/ak9050n-casco-falkner-ak9050n.html\" target=\"_blank\" rel=\"noopener noreferrer\">CONSULTAR CAT\u00c0LEG<\/a><\/h6>\n<h6 style=\"text-align: right;\"><a href=\"https:\/\/uniformelaboral.com\/index.php\/contacte\/\" target=\"_blank\" rel=\"noopener noreferrer\">CONTACTAR AMB NOSALTRES<\/a><\/h6>\n<h6><\/h6>\n<p>&nbsp;<\/p>\n","protected":false},"featured_media":20219,"template":"","meta":{"_joinchat":[]},"product_brand":[],"product_cat":[34],"product_tag":[],"class_list":{"0":"post-18025","1":"product","2":"type-product","3":"status-publish","4":"has-post-thumbnail","6":"product_cat-cascs","7":"tm-has-options","9":"first","10":"instock","11":"taxable","12":"shipping-taxable","13":"purchasable","14":"product-type-simple"},"_links":{"self":[{"href":"https:\/\/uniformelaboral.com\/index.php\/wp-json\/wp\/v2\/product\/18025","targetHints":{"allow":["GET"]}}],"collection":[{"href":"https:\/\/uniformelaboral.com\/index.php\/wp-json\/wp\/v2\/product"}],"about":[{"href":"https:\/\/uniformelaboral.com\/index.php\/wp-json\/wp\/v2\/types\/product"}],"wp:featuredmedia":[{"embeddable":true,"href":"https:\/\/uniformelaboral.com\/index.php\/wp-json\/wp\/v2\/media\/20219"}],"wp:attachment":[{"href":"https:\/\/uniformelaboral.com\/index.php\/wp-json\/wp\/v2\/media?parent=18025"}],"wp:term":[{"taxonomy":"product_brand","embeddable":true,"href":"https:\/\/uniformelaboral.com\/index.php\/wp-json\/wp\/v2\/product_brand?post=18025"},{"taxonomy":"product_cat","embeddable":true,"href":"https:\/\/uniformelaboral.com\/index.php\/wp-json\/wp\/v2\/product_cat?post=18025"},{"taxonomy":"product_tag","embeddable":true,"href":"https:\/\/uniformelaboral.com\/index.php\/wp-json\/wp\/v2\/product_tag?post=18025"}],"curies":[{"name":"wp","href":"https:\/\/api.w.org\/{rel}","templated":true}]}}

CASC FALKNER AK9050N PROTECCIÓ EN397 / 43€

<p><img loading="lazy" decoding="async" class=" wp-image-20132 alignleft" src="https://uniformelaboral.com/wp-content/uploads/2022/03/logo-akrobat-300x223.jpg" alt="" width="130" height="97" srcset="https://uniformelaboral.com/wp-content/uploads/2022/03/logo-akrobat-300x223.jpg 300w, https://uniformelaboral.com/wp-content/uploads/2022/03/logo-akrobat.jpg 392w" sizes="auto, (max-width: 130px) 100vw, 130px" /></p>
<p>Casc per a treball en alçada amb casquet en ABS i petxina interna en poliestirè per absorbir impactes. Talla única regulable per cremallera, dotat d&#8217;orificis de ventilació frontal. Colors: blanc.</p>
<p>(Groc, blau, vermell, taronja) SOBRE COMANDA</p>
<p>&nbsp;</p>
<p>&nbsp;</p>
<p>&nbsp;</p>
<h6><a href="https://www.industrialstarter.com/additionalmedia/AK9050N/documents/es_es/fichatecnicaak9050n2020es.pdf" target="_blank" rel="noopener noreferrer">FITXA TECNICA</a></h6>
<h6><a href="https://www.industrialstarter.com/additionalmedia/AK9050N/documents_common/ak9050neudeco.pdf" target="_blank" rel="noopener noreferrer">DECLARACIÓ DE CONFORMITAT</a></h6>
<h6 style="text-align: right;"><a href="https://www.industrialstarter.com/es_es/ak9050n-casco-falkner-ak9050n.html" target="_blank" rel="noopener noreferrer">CONSULTAR CATÀLEG</a></h6>
<h6 style="text-align: right;"><a href="https://uniformelaboral.com/index.php/contacte/" target="_blank" rel="noopener noreferrer">CONTACTAR AMB NOSALTRES</a></h6>
<h6></h6>
<p>&nbsp;</p>
