{"id":17920,"date":"2022-01-18T20:53:41","date_gmt":"2022-01-18T19:53:41","guid":{"rendered":"https:\/\/uniformelaboral.com\/?post_type=product&#038;p=17920"},"modified":"2023-03-22T19:15:03","modified_gmt":"2023-03-22T18:15:03","slug":"guants-hybrid-bode-413rf-tfln","status":"publish","type":"product","link":"https:\/\/uniformelaboral.com\/index.php\/producto\/guants-hybrid-bode-413rf-tfln\/","title":{"rendered":"GUANTS HYBRID BODE 413RF TFLN  EN388 &#8211; EN407 &#8211; US ALIMENTARI \/ 5.15\u20ac"},"content":{"rendered":"","protected":false},"excerpt":{"rendered":"<p><img loading=\"lazy\" decoding=\"async\" class=\" wp-image-20171 alignleft\" src=\"https:\/\/uniformelaboral.com\/wp-content\/uploads\/2022\/03\/TOMAS-BODERO-300x191.jpg\" alt=\"\" width=\"121\" height=\"77\" srcset=\"https:\/\/uniformelaboral.com\/wp-content\/uploads\/2022\/03\/TOMAS-BODERO-300x191.jpg 300w, https:\/\/uniformelaboral.com\/wp-content\/uploads\/2022\/03\/TOMAS-BODERO-1024x650.jpg 1024w, https:\/\/uniformelaboral.com\/wp-content\/uploads\/2022\/03\/TOMAS-BODERO-768x488.jpg 768w, https:\/\/uniformelaboral.com\/wp-content\/uploads\/2022\/03\/TOMAS-BODERO-416x264.jpg 416w, https:\/\/uniformelaboral.com\/wp-content\/uploads\/2022\/03\/TOMAS-BODERO.jpg 1176w\" sizes=\"auto, (max-width: 121px) 100vw, 121px\" \/>Guant suport HDCP, fibra de vidre i nil\u00f3 blau sense costures. Recobriment nitril Sandy grip negre al palmell. Refor\u00e7 entre polze i \u00edndex. Puny el\u00e0stic. Galga 13.<\/p>\n<p>&nbsp;<\/p>\n<p>\u00daS: Plegat de xapes met\u00e0l\u00b7liques, Embotelladores, Ind\u00fastria del vidre, Muntatge, Mec\u00e0nica<\/p>\n<p><img loading=\"lazy\" decoding=\"async\" class=\" wp-image-20197 aligncenter\" src=\"https:\/\/uniformelaboral.com\/wp-content\/uploads\/2022\/01\/GUANTS-413-300x88.jpg\" alt=\"\" width=\"215\" height=\"63\" srcset=\"https:\/\/uniformelaboral.com\/wp-content\/uploads\/2022\/01\/GUANTS-413-300x88.jpg 300w, https:\/\/uniformelaboral.com\/wp-content\/uploads\/2022\/01\/GUANTS-413.jpg 302w\" sizes=\"auto, (max-width: 215px) 100vw, 215px\" \/><\/p>\n<h6><a href=\"https:\/\/tomasbodero.com\/productos\/pdf\/(413RF%20TFLN)%20Ficha%20Tecnica%20ES.pdf\" target=\"_blank\" rel=\"noopener noreferrer\">FITXA TECNICA<\/a><\/h6>\n<h6><a href=\"https:\/\/tomasbodero.com\/productos\/pdf\/(413RF%20TFLN)%20%20Declaracion%20conformidad%20ES.pdf\" target=\"_blank\" rel=\"noopener noreferrer\">DECLARACI\u00d3 DE CONFORMITAT<\/a><\/h6>\n<h6 style=\"text-align: right;\"><a href=\"https:\/\/tomasbodero.com\/es\/guantes-tomas-bodero\/guantes-manipulacion-alimentos\/413rf-tfln.html?search_query=413RF&amp;results=2\" target=\"_blank\" rel=\"noopener noreferrer\">CONSULTAR CAT\u00c0LEG<\/a><\/h6>\n<h6 style=\"text-align: right;\"><a href=\"https:\/\/uniformelaboral.com\/index.php\/contacte\/\" target=\"_blank\" rel=\"noopener noreferrer\">CONTACTAR AMB NOSALTRES<\/a><\/h6>\n<h6><\/h6>\n<p>&nbsp;<\/p>\n","protected":false},"featured_media":20196,"template":"","meta":{"_joinchat":[]},"product_brand":[],"product_cat":[31,121],"product_tag":[],"class_list":{"0":"post-17920","1":"product","2":"type-product","3":"status-publish","4":"has-post-thumbnail","6":"product_cat-guants","7":"product_cat-nylon","8":"tm-has-options","10":"first","11":"instock","12":"taxable","13":"shipping-taxable","14":"purchasable","15":"product-type-simple"},"_links":{"self":[{"href":"https:\/\/uniformelaboral.com\/index.php\/wp-json\/wp\/v2\/product\/17920","targetHints":{"allow":["GET"]}}],"collection":[{"href":"https:\/\/uniformelaboral.com\/index.php\/wp-json\/wp\/v2\/product"}],"about":[{"href":"https:\/\/uniformelaboral.com\/index.php\/wp-json\/wp\/v2\/types\/product"}],"wp:featuredmedia":[{"embeddable":true,"href":"https:\/\/uniformelaboral.com\/index.php\/wp-json\/wp\/v2\/media\/20196"}],"wp:attachment":[{"href":"https:\/\/uniformelaboral.com\/index.php\/wp-json\/wp\/v2\/media?parent=17920"}],"wp:term":[{"taxonomy":"product_brand","embeddable":true,"href":"https:\/\/uniformelaboral.com\/index.php\/wp-json\/wp\/v2\/product_brand?post=17920"},{"taxonomy":"product_cat","embeddable":true,"href":"https:\/\/uniformelaboral.com\/index.php\/wp-json\/wp\/v2\/product_cat?post=17920"},{"taxonomy":"product_tag","embeddable":true,"href":"https:\/\/uniformelaboral.com\/index.php\/wp-json\/wp\/v2\/product_tag?post=17920"}],"curies":[{"name":"wp","href":"https:\/\/api.w.org\/{rel}","templated":true}]}}