{"id":16247,"date":"2020-07-23T23:27:34","date_gmt":"2020-07-23T21:27:34","guid":{"rendered":"https:\/\/uniformelaboral.com\/?post_type=product&#038;p=16247"},"modified":"2023-03-02T11:16:32","modified_gmt":"2023-03-02T10:16:32","slug":"polar-fluor-a-v-work-c4025","status":"publish","type":"product","link":"https:\/\/uniformelaboral.com\/index.php\/producto\/polar-fluor-a-v-work-c4025\/","title":{"rendered":"JAQUETA POLAR FLUOR A\/V WORK C4025 \/ 25.48\u20ac"},"content":{"rendered":"","protected":false},"excerpt":{"rendered":"<p><img loading=\"lazy\" decoding=\"async\" class=\" wp-image-19952 alignleft\" src=\"https:\/\/uniformelaboral.com\/wp-content\/uploads\/2020\/08\/logo_workteam_negro-300x243.png\" alt=\"\" width=\"151\" height=\"122\" srcset=\"https:\/\/uniformelaboral.com\/wp-content\/uploads\/2020\/08\/logo_workteam_negro-300x243.png 300w, https:\/\/uniformelaboral.com\/wp-content\/uploads\/2020\/08\/logo_workteam_negro-416x337.png 416w, https:\/\/uniformelaboral.com\/wp-content\/uploads\/2020\/08\/logo_workteam_negro.png 450w\" sizes=\"auto, (max-width: 151px) 100vw, 151px\" \/>Jaqueta polar combinada amb cintes reflectants. Part superior d&#8217;alta visibilitat. Coll alt i tanca de cremallera de nil\u00f3. Una bossa de pit i dues bosses laterals interiors amb cremallera de nil\u00f3. Dues cintes reflectants a pit, esquena i m\u00e0nigues. Puny amb el\u00e0stic. Cord\u00f3 el\u00e0stic amb pe\u00e7a ajustable en baix.<\/p>\n<p>Composici\u00f3: 100% Poli\u00e8ster<\/p>\n<p><img loading=\"lazy\" decoding=\"async\" class=\" wp-image-19984 aligncenter\" src=\"https:\/\/uniformelaboral.com\/wp-content\/uploads\/2020\/07\/ISO-C4025.jpg\" alt=\"\" width=\"158\" height=\"64\" \/><\/p>\n<h6><a href=\"https:\/\/workteam.com\/fichas\/tallas\/C4025.jpg\" target=\"_blank\" rel=\"noopener noreferrer\">TAULA DE TALLES<\/a><\/h6>\n<h6 style=\"text-align: right;\"><a href=\"https:\/\/workteam.com\/seccion_detalle.php?ref=C4025&amp;color=MR_AAV\" target=\"_blank\" rel=\"noopener noreferrer\">CONSULTAR CAT\u00c1LEG<\/a><\/h6>\n<h6 style=\"text-align: right;\"><a href=\"https:\/\/uniformelaboral.com\/index.php\/contacte\/\" target=\"_blank\" rel=\"noopener noreferrer\">CONTACTAR AMB NOSALTRES<\/a><\/h6>\n","protected":false},"featured_media":19976,"template":"","meta":{"_joinchat":[]},"product_brand":[],"product_cat":[35,173],"product_tag":[],"class_list":{"0":"post-16247","1":"product","2":"type-product","3":"status-publish","4":"has-post-thumbnail","6":"product_cat-av-alta-visibilidad","7":"product_cat-polars","8":"tm-has-options","10":"first","11":"instock","12":"taxable","13":"shipping-taxable","14":"purchasable","15":"product-type-simple"},"_links":{"self":[{"href":"https:\/\/uniformelaboral.com\/index.php\/wp-json\/wp\/v2\/product\/16247","targetHints":{"allow":["GET"]}}],"collection":[{"href":"https:\/\/uniformelaboral.com\/index.php\/wp-json\/wp\/v2\/product"}],"about":[{"href":"https:\/\/uniformelaboral.com\/index.php\/wp-json\/wp\/v2\/types\/product"}],"wp:featuredmedia":[{"embeddable":true,"href":"https:\/\/uniformelaboral.com\/index.php\/wp-json\/wp\/v2\/media\/19976"}],"wp:attachment":[{"href":"https:\/\/uniformelaboral.com\/index.php\/wp-json\/wp\/v2\/media?parent=16247"}],"wp:term":[{"taxonomy":"product_brand","embeddable":true,"href":"https:\/\/uniformelaboral.com\/index.php\/wp-json\/wp\/v2\/product_brand?post=16247"},{"taxonomy":"product_cat","embeddable":true,"href":"https:\/\/uniformelaboral.com\/index.php\/wp-json\/wp\/v2\/product_cat?post=16247"},{"taxonomy":"product_tag","embeddable":true,"href":"https:\/\/uniformelaboral.com\/index.php\/wp-json\/wp\/v2\/product_tag?post=16247"}],"curies":[{"name":"wp","href":"https:\/\/api.w.org\/{rel}","templated":true}]}}

<p><img loading="lazy" decoding="async" class=" wp-image-19952 alignleft" src="https://uniformelaboral.com/wp-content/uploads/2020/08/logo_workteam_negro-300x243.png" alt="" width="151" height="122" srcset="https://uniformelaboral.com/wp-content/uploads/2020/08/logo_workteam_negro-300x243.png 300w, https://uniformelaboral.com/wp-content/uploads/2020/08/logo_workteam_negro-416x337.png 416w, https://uniformelaboral.com/wp-content/uploads/2020/08/logo_workteam_negro.png 450w" sizes="auto, (max-width: 151px) 100vw, 151px" />Jaqueta polar combinada amb cintes reflectants. Part superior d&#8217;alta visibilitat. Coll alt i tanca de cremallera de niló. Una bossa de pit i dues bosses laterals interiors amb cremallera de niló. Dues cintes reflectants a pit, esquena i mànigues. Puny amb elàstic. Cordó elàstic amb peça ajustable en baix.</p>
<p>Composició: 100% Polièster</p>
<p><img loading="lazy" decoding="async" class=" wp-image-19984 aligncenter" src="https://uniformelaboral.com/wp-content/uploads/2020/07/ISO-C4025.jpg" alt="" width="158" height="64" /></p>
<h6><a href="https://workteam.com/fichas/tallas/C4025.jpg" target="_blank" rel="noopener noreferrer">TAULA DE TALLES</a></h6>
<h6 style="text-align: right;"><a href="https://workteam.com/seccion_detalle.php?ref=C4025&amp;color=MR_AAV" target="_blank" rel="noopener noreferrer">CONSULTAR CATÁLEG</a></h6>
<h6 style="text-align: right;"><a href="https://uniformelaboral.com/index.php/contacte/" target="_blank" rel="noopener noreferrer">CONTACTAR AMB NOSALTRES</a></h6>
